{"id":4442,"date":"2024-10-18T19:46:00","date_gmt":"2024-10-18T19:46:00","guid":{"rendered":"https:\/\/chirurgie-orthopedie-vannes.fr\/pharmacie\/?post_type=product&#038;p=4442"},"modified":"2025-03-17T17:02:09","modified_gmt":"2025-03-17T17:02:09","slug":"hemply-hair-fall-prevention-lotion","status":"publish","type":"product","link":"https:\/\/www.docteurjobez.fr\/pharmacie\/supp\/hemply-hair-fall-prevention-lotion\/","title":{"rendered":"Hemply Hair Fall Prevention Lotion"},"content":{"rendered":"\n<h2 class=\"wp-block-heading\">Qu&rsquo;est-ce que la lotion Hemply pour la pr\u00e9vention de la chute des cheveux et comment fonctionne-t-elle ?<\/h2>\n\n\n\n<p><b>Hemply Hair Fall Prevention Lotion<\/b> est une formulation innovante d\u00e9velopp\u00e9e pour les personnes qui luttent contre la chute des cheveux. Ses <em>propri\u00e9t\u00e9s<\/em> lui permettent d&rsquo;<b>agir<\/b> \u00e0 plusieurs niveaux, ce qui en fait un outil efficace dans la lutte contre ce ph\u00e9nom\u00e8ne. Gr\u00e2ce \u00e0 sa formule unique, qui contient des <b>ingr\u00e9dients<\/b> naturels, <b>la lotion<\/b> favorise la circulation sanguine dans le cuir chevelu, ce qui est crucial pour une croissance saine des cheveux.<\/p>\n\n\n\n<p>Des essais cliniques ont montr\u00e9 que la <b>lotion Hemply pour la pr\u00e9vention de la chute des cheveux<\/b> peut r\u00e9duire la <b>chute des cheveux<\/b> jusqu&rsquo;\u00e0 <strong>98 %<\/strong>. Les participants aux tests ont constat\u00e9 une am\u00e9lioration significative de l&rsquo;\u00e9tat de leurs cheveux, ce qui confirme son efficacit\u00e9. Plus de <strong>14 000<\/strong> nouveaux consommateurs ont constat\u00e9 une am\u00e9lioration de l&rsquo;\u00e9tat de leurs cheveux, et l&rsquo;activation des mailles des cheveux dans le groupe utilisant Hemply a atteint <strong>87,9 %<\/strong>.<\/p>\n\n\n\n<p>La formule de la lotion contient de l&rsquo;extrait de bl\u00e9, qui apporte des vitamines essentielles au cuir chevelu, et de l&rsquo;extrait de soja pour soutenir les follicules pileux affaiblis. L <b>&lsquo;action de l&rsquo;<\/b> extrait de climbazole s&rsquo;oppose aux infections et \u00e0 la s\u00e9borrh\u00e9e excessive, ce qui r\u00e9duit encore la <b>chute des cheveux<\/b>. L&rsquo;<b>utilisation<\/b> r\u00e9guli\u00e8re <b>de la<\/b> <b>lotion<\/b> Hemply pour la pr\u00e9vention de la chute des cheveux peut am\u00e9liorer la densit\u00e9 des cheveux dans les zones les plus sujettes \u00e0 l&rsquo;\u00e9claircissement, offrant aux utilisateurs un meilleur sentiment de bien-\u00eatre et de confiance.<\/p>\n\n\n\n<h2 class=\"wp-block-heading\">Hemply Hair Fall Prevention Lotion &#8211; effets de l&rsquo;utilisation<\/h2>\n\n\n\n<p>Les <b>utilisateurs de la<\/b> <b>lotion<\/b> Hemply Hair Fall Prevention <b>Lotion<\/b> constatent des <b>r\u00e9sultats<\/b> significatifs apr\u00e8s une utilisation r\u00e9guli\u00e8re. Des \u00e9tudes ont montr\u00e9 que le produit peut r\u00e9duire la <b>chute des cheveux<\/b> jusqu&rsquo;\u00e0 98 %. Sur pr\u00e8s de 500 participants aux essais cliniques, 14 000 nouveaux consommateurs ont constat\u00e9 des <b>r\u00e9sultats<\/b> positifs, ce qui t\u00e9moigne de l&rsquo;efficacit\u00e9 de cette lotion.<\/p>\n\n\n\n<p>Les r\u00e9sultats des diff\u00e9rents groupes utilisant la lotion Hemply pour la pr\u00e9vention de la chute des cheveux sont impressionnants. Le groupe C, qui a utilis\u00e9 le shampooing, a obtenu une augmentation de 21,2 % de l&rsquo;activation des follicules pileux. Le groupe C, qui a utilis\u00e9 le shampooing, a obtenu une augmentation de 21,2 % de l&rsquo;activation des follicules pileux. Ces statistiques mettent en \u00e9vidence les <b>r\u00e9sultats<\/b> qui peuvent \u00eatre obtenus gr\u00e2ce \u00e0 une utilisation r\u00e9guli\u00e8re.<\/p>\n\n\n\n<blockquote class=\"wp-block-quote is-layout-flow wp-block-quote-is-layout-flow\">\n<p>\u00ab\u00a0Je suis stup\u00e9faite par les r\u00e9sultats ! Apr\u00e8s 6 semaines, j&rsquo;ai remarqu\u00e9 que mes cheveux tombent moins et que ceux qui restent sont en bien meilleur \u00e9tat.\u00a0\u00bb &#8211; Michal<\/p>\n<\/blockquote>\n\n\n\n<p>Il convient de noter que les changements sont visibles apr\u00e8s seulement 28 jours, mais que les meilleurs r\u00e9sultats peuvent \u00eatre obtenus apr\u00e8s 60 jours d&rsquo;utilisation. Le co\u00fbt d&rsquo;un traitement complet est pr\u00e8s de 10 fois inf\u00e9rieur \u00e0 celui des autres m\u00e9thodes, ce qui fait de la lotion antichute Hemply un choix int\u00e9ressant sur le march\u00e9 des soins capillaires. La m\u00e9thode d&rsquo;application correcte et les <b>ingr\u00e9dients<\/b> naturels, tels que l&rsquo;extrait de bl\u00e9, favorisent la sant\u00e9 du cuir chevelu et la croissance des cheveux.<\/p>\n\n\n\n<ul class=\"wp-block-list\">\n<li>Am\u00e9lioration significative de la densit\u00e9 capillaire<\/li>\n\n\n\n<li>R\u00e9duction de la perte de cheveux de 98%.<\/li>\n\n\n\n<li>Facilit\u00e9 d&rsquo;utilisation et satisfaction des utilisateurs<\/li>\n<\/ul>\n\n\n\n<blockquote class=\"wp-block-quote is-layout-flow wp-block-quote-is-layout-flow\">\n<p>\u00ab\u00a0Gr\u00e2ce \u00e0 la lotion antichute Hemply, mes cheveux ont retrouv\u00e9 leur \u00e9clat et leur densit\u00e9. L&rsquo;application est facile et les r\u00e9sultats sont surprenants.\u00a0\u00bb &#8211; Ania<\/p>\n<\/blockquote>\n\n\n\n<p><b>Les commentaires des<\/b> utilisateurs indiquent clairement que la lotion Hemply Hair Fall Prevention Lotion peut \u00eatre la cl\u00e9 d&rsquo;une chevelure saine et forte, en apportant un soutien efficace dans la lutte contre la chute des cheveux.<\/p>\n\n\n\n<h2 class=\"wp-block-heading\">Dosage de la lotion Hemply pour la pr\u00e9vention de la chute des cheveux &#8211; Comment l&rsquo;utiliser ?<\/h2>\n\n\n\n<p>L&rsquo;<b>utilisation de la<\/b> lotion Hemply pour la pr\u00e9vention de la chute des cheveux est essentielle pour obtenir des r\u00e9sultats optimaux en mati\u00e8re de pr\u00e9vention de la chute des cheveux. Il est recommand\u00e9 de l&rsquo;appliquer sur les cheveux humides ou secs, en massant une quantit\u00e9 appropri\u00e9e de lotion, g\u00e9n\u00e9ralement quelques gouttes, sur le cuir chevelu. Cela garantit une absorption compl\u00e8te et maximise l&rsquo;<b>effet du<\/b> produit.<\/p>\n\n\n\n<p>L&rsquo;utilisation r\u00e9guli\u00e8re <b>de<\/b> la lotion permet d&rsquo;obtenir les meilleurs r\u00e9sultats. Le fabricant sugg\u00e8re d&rsquo;utiliser la lotion Hemply pour la pr\u00e9vention de la chute des cheveux au moins une fois par jour. Les effets du traitement peuvent \u00eatre perceptibles d\u00e8s 28 jours d&rsquo;utilisation syst\u00e9matique. Il vaut la peine de compl\u00e9ter le soin par un r\u00e9gime alimentaire sain, qui peut contribuer \u00e0 augmenter encore l&rsquo;efficacit\u00e9 du produit.<\/p>\n\n\n\n<p>En r\u00e9sum\u00e9, la <b>posologie<\/b> de la lotion antichute Hemply doit \u00eatre respect\u00e9e selon les recommandations du fabricant afin d&rsquo;obtenir un maximum de b\u00e9n\u00e9fices pour la sant\u00e9 et l&rsquo;esth\u00e9tique des cheveux.<\/p>\n\n\n\n<h2 class=\"wp-block-heading\">Hemply Hair Fall Prevention Lotion reviews &#8211; Que disent les utilisateurs sur les forums ?<\/h2>\n\n\n\n<p>Sur diff\u00e9rents forums, les <b>utilisateurs<\/b> partagent leurs <em>avis<\/em> sur Hemply Hair Fall Prevention Lotion. La plupart des <b>commentaires<\/b> sont positifs et mettent l&rsquo;accent sur l&rsquo;efficacit\u00e9 du produit \u00e0 r\u00e9duire la chute des cheveux et \u00e0 am\u00e9liorer l&rsquo;aspect g\u00e9n\u00e9ral de la chevelure. <b>Les utilisateurs<\/b> soulignent qu&rsquo;ils ont remarqu\u00e9 des am\u00e9liorations significatives de la densit\u00e9 et de la force des cheveux apr\u00e8s plusieurs applications.<\/p>\n\n\n\n<p>Les internautes font \u00e9galement l&rsquo;\u00e9loge de la facilit\u00e9 d&rsquo;application du produit, ajoutant qu&rsquo;il n&rsquo;a pas d&rsquo;odeur d\u00e9sagr\u00e9able, ce qui en fait un choix plus attrayant. De nombreux commentaires soulignent les effets b\u00e9n\u00e9fiques du s\u00e9rum sur l&rsquo;\u00e9tat du cuir chevelu, notamment les probl\u00e8mes de s\u00e9cheresse et de desquamation. Les utilisateurs appr\u00e9cient \u00e9galement le prix abordable et la facilit\u00e9 de commande en ligne, qui acc\u00e9l\u00e8re le processus de livraison.<\/p>\n\n\n\n<p>N\u00e9anmoins, certaines critiques portent sur le prix et la disponibilit\u00e9 du produit. Les utilisateurs soulignent que la lotion Hemply pour la pr\u00e9vention de la chute des cheveux ne peut \u00eatre achet\u00e9e que sur le site officiel du fabricant, ce qui peut \u00eatre un inconv\u00e9nient pour certaines personnes. N\u00e9anmoins, la grande majorit\u00e9 des avis sont positifs, et de nombreux utilisateurs admettent qu&rsquo;ils seraient heureux de recommander le produit \u00e0 d&rsquo;autres sur des forums en ligne.<\/p>\n\n\n\n<h2 class=\"wp-block-heading\">Composition de la lotion antichute Hemply &#8211; Analyse des ingr\u00e9dients<\/h2>\n\n\n\n<p>Hemply Hair Fall Prevention Lotion contient des <b>ingr\u00e9dients<\/b> soigneusement s\u00e9lectionn\u00e9s pour favoriser la sant\u00e9 et la croissance des cheveux. Un \u00e9l\u00e9ment cl\u00e9 de la formule est le propanediol, qui inhibe la production de l&rsquo;hormone DHT, responsable de la chute des cheveux. Gr\u00e2ce \u00e0 des ingr\u00e9dients naturels tels que l&rsquo;huile de pin et l&rsquo;huile d&rsquo;eucalyptus, la lotion ne se contente pas d&rsquo;hydrater, elle acc\u00e9l\u00e8re \u00e9galement la circulation dans le cuir chevelu, ce qui est b\u00e9n\u00e9fique pour la sant\u00e9 des cheveux.<\/p>\n\n\n\n<figure class=\"wp-block-table\"><table class=\"has-fixed-layout\"><tbody><tr><th>Composant<\/th><th>Fonction<\/th><\/tr><tr><td>Huile de jojoba<\/td><td>Hydrate et nourrit les cheveux<\/td><\/tr><tr><td>Propanediol<\/td><td>Inhibe la production de DHT<\/td><\/tr><tr><td>Huile de pin<\/td><td>Effets anti-inflammatoires, favorise la r\u00e9g\u00e9n\u00e9ration cellulaire<\/td><\/tr><tr><td>Huile d&rsquo;eucalyptus<\/td><td>Stimule la circulation sanguine dans les follicules pileux<\/td><\/tr><tr><td>Extrait de cellules souches de pomme<\/td><td>Revitalise les cellules, prolonge le cycle de croissance des cheveux<\/td><\/tr><tr><td>Cannelle<\/td><td>Augmente l&rsquo;irrigation sanguine du cuir chevelu, favorise la croissance des cheveux<\/td><\/tr><tr><td>Extrait de rubis<\/td><td>Apporte des min\u00e9raux tels que le fer et le chrome pour renforcer les cheveux<\/td><\/tr><\/tbody><\/table><\/figure>\n\n\n\n<p>L&rsquo;analyse de la composition de la lotion Hemply Hair Fall Prevention Lotion r\u00e9v\u00e8le l&rsquo;absence de produits chimiques nocifs, ce qui confirme la s\u00e9curit\u00e9 de son utilisation quotidienne. Les personnes qui utilisent la lotion remarquent une am\u00e9lioration significative de la densit\u00e9 et de la force des cheveux gr\u00e2ce \u00e0 son action intensive au niveau cellulaire.<\/p>\n\n\n\n<h2 class=\"wp-block-heading\">O\u00f9 acheter et combien co\u00fbte Hemply Hair Fall Prevention Lotion &#8211; prix<\/h2>\n\n\n\n<p>La lotion antichute Hemply ne peut \u00eatre achet\u00e9e que sur le site officiel du fabricant. Ce choix garantit non seulement l&rsquo;authenticit\u00e9 du produit, mais aussi l&rsquo;acc\u00e8s aux promotions en cours. Le <b>prix<\/b> normal <b>de la<\/b> Lotion antichute Hemply pendant une promotion peut \u00eatre r\u00e9duit jusqu&rsquo;\u00e0 50 %, ce qui constitue une r\u00e9duction importante et une offre avantageuse.<\/p>\n\n\n\n<p>Les utilisateurs doivent noter qu&rsquo;il est recommand\u00e9 d&rsquo;utiliser le produit 1 \u00e0 2 fois par jour pendant au moins 30 jours, soit 30 \u00e0 60 applications par mois. La lotion Hemply pour la pr\u00e9vention de la chute des cheveux est conditionn\u00e9e en flacons de 60 ml, id\u00e9aux pour une utilisation \u00e0 long terme.<\/p>\n\n\n\n<p>Il convient \u00e9galement de noter que la lotion Hemply pour la pr\u00e9vention de la chute des cheveux n&rsquo;est pas disponible dans les pharmacies traditionnelles, ce qui souligne son mod\u00e8le de distribution unique. Les utilisateurs font souvent l&rsquo;\u00e9loge du produit pour l&rsquo;am\u00e9lioration de l&rsquo;\u00e9tat des cheveux, l&rsquo;augmentation de la densit\u00e9 et la r\u00e9duction de la chute des cheveux apr\u00e8s une utilisation r\u00e9guli\u00e8re. Si vous vous demandez <b>o\u00f9 acheter<\/b> ce rem\u00e8de efficace, le site officiel du fabricant sera votre meilleur atout.<\/p>\n\n\n\n<h2 class=\"wp-block-heading\">Effets secondaires potentiels et contre-indications de la lotion Hemply pour la pr\u00e9vention de la chute des cheveux<\/h2>\n\n\n\n<p>Hemply Hair Fall Prevention Lotion est g\u00e9n\u00e9ralement un produit s\u00fbr pour la plupart des utilisateurs, mais il peut y avoir des <strong>effets secondaires<\/strong> li\u00e9s \u00e0 l&rsquo;utilisation de tout produit cosm\u00e9tique. Les personnes sensibles aux ingr\u00e9dients contenus dans le produit peuvent pr\u00e9senter des r\u00e9actions allergiques. Il est donc recommand\u00e9 d&rsquo;effectuer un test de sensibilisation sur une petite partie de la peau avant la premi\u00e8re utilisation.<\/p>\n\n\n\n<p>Pour les personnes souffrant d&rsquo;affections cutan\u00e9es graves, il est fortement recommand\u00e9 de consulter un dermatologue avant de commencer le traitement. Bien que la lotion<br>Hemply Hair Fall Prevention Lotion promet d&rsquo;am\u00e9liorer l&rsquo;\u00e9tat des cheveux et de r\u00e9duire leur chute, il est important de conna\u00eetre les \u00e9ventuelles <strong>contre-indications<\/strong> pour la personne concern\u00e9e.<\/p>\n\n\n\n<p>Heureusement, selon de nombreuses \u00e9tudes et t\u00e9moignages d&rsquo;utilisateurs, l&rsquo;utilisation r\u00e9guli\u00e8re du produit peut apporter des avantages significatifs tels que l&rsquo;am\u00e9lioration de la densit\u00e9 et de la qualit\u00e9 des cheveux, avec des pr\u00e9cautions de s\u00e9curit\u00e9 appropri\u00e9es. Avec l&rsquo;approbation des sp\u00e9cialistes, vous pouvez profiter en toute confiance des avantages de <b>la<\/b> lotion Hemply pour la pr\u00e9vention de la chute des cheveux, qui sont conformes aux derniers d\u00e9veloppements en mati\u00e8re de croissance et de soins des cheveux.<\/p>\n","protected":false},"excerpt":{"rendered":"<p><strong>[date_countdown]<\/strong><\/p>\n<p><img decoding=\"async\" class=\"alignnone  wp-image-8427\" src=\"https:\/\/www.docteurjobez.fr\/pharmacie\/wp-content\/uploads\/2024\/10\/SAFE-PAY-300x88-1.png\" alt=\"SAFE-PAY-300x88\" width=\"164\" height=\"48\" \/><\/p>\n","protected":false},"featured_media":3807,"comment_status":"open","ping_status":"closed","template":"","meta":{"neve_meta_sidebar":"","neve_meta_container":"","neve_meta_enable_content_width":"","neve_meta_content_width":0,"neve_meta_title_alignment":"","neve_meta_author_avatar":"","neve_post_elements_order":"","neve_meta_disable_header":"","neve_meta_disable_footer":"","neve_meta_disable_title":"","neve_meta_reading_time":""},"product_brand":[],"product_cat":[18],"product_tag":[],"class_list":{"0":"post-4442","1":"product","2":"type-product","3":"status-publish","4":"has-post-thumbnail","6":"product_cat-sante","8":"first","9":"instock","10":"sale","11":"shipping-taxable","12":"product-type-external"},"yoast_head":"<!-- This site is optimized with the Yoast SEO plugin v27.4 - https:\/\/yoast.com\/product\/yoast-seo-wordpress\/ -->\n<title>Hemply Hair Fall Prevention Lotion - Avis, Prix -50%, Forum, Pharmacie, Effets | DocteurJobez<\/title>\n<meta name=\"robots\" content=\"index, follow, max-snippet:-1, max-image-preview:large, max-video-preview:-1\" \/>\n<link rel=\"canonical\" href=\"https:\/\/www.docteurjobez.fr\/pharmacie\/supp\/hemply-hair-fall-prevention-lotion\/\" \/>\n<meta property=\"og:locale\" content=\"fr_FR\" \/>\n<meta property=\"og:type\" content=\"article\" \/>\n<meta property=\"og:title\" content=\"Hemply Hair Fall Prevention Lotion - Avis, Prix -50%, Forum, Pharmacie, Effets | DocteurJobez\" \/>\n<meta property=\"og:url\" content=\"https:\/\/www.docteurjobez.fr\/pharmacie\/supp\/hemply-hair-fall-prevention-lotion\/\" \/>\n<meta property=\"og:site_name\" content=\"DocteurJobez\" \/>\n<meta property=\"article:modified_time\" content=\"2025-03-17T17:02:09+00:00\" \/>\n<meta property=\"og:image\" content=\"https:\/\/www.docteurjobez.fr\/pharmacie\/wp-content\/uploads\/2024\/10\/Hemply-Hair-Fall-Prevention-Lotion.jpg\" \/>\n\t<meta property=\"og:image:width\" content=\"768\" \/>\n\t<meta property=\"og:image:height\" content=\"768\" \/>\n\t<meta property=\"og:image:type\" content=\"image\/jpeg\" \/>\n<meta name=\"twitter:card\" content=\"summary_large_image\" \/>\n<meta name=\"twitter:description\" content=\"[date_countdown]\" \/>\n<meta name=\"twitter:label1\" content=\"Dur\u00e9e de lecture estim\u00e9e\" \/>\n\t<meta name=\"twitter:data1\" content=\"1 minute\" \/>\n<script type=\"application\/ld+json\" class=\"yoast-schema-graph\">{\"@context\":\"https:\\\/\\\/schema.org\",\"@graph\":[{\"@type\":\"WebPage\",\"@id\":\"https:\\\/\\\/www.docteurjobez.fr\\\/pharmacie\\\/supp\\\/hemply-hair-fall-prevention-lotion\\\/\",\"url\":\"https:\\\/\\\/www.docteurjobez.fr\\\/pharmacie\\\/supp\\\/hemply-hair-fall-prevention-lotion\\\/\",\"name\":\"Hemply Hair Fall Prevention Lotion - Avis, Prix -50%, Forum, Pharmacie, Effets | DocteurJobez\",\"isPartOf\":{\"@id\":\"https:\\\/\\\/www.docteurjobez.fr\\\/pharmacie\\\/#website\"},\"primaryImageOfPage\":{\"@id\":\"https:\\\/\\\/www.docteurjobez.fr\\\/pharmacie\\\/supp\\\/hemply-hair-fall-prevention-lotion\\\/#primaryimage\"},\"image\":{\"@id\":\"https:\\\/\\\/www.docteurjobez.fr\\\/pharmacie\\\/supp\\\/hemply-hair-fall-prevention-lotion\\\/#primaryimage\"},\"thumbnailUrl\":\"https:\\\/\\\/www.docteurjobez.fr\\\/pharmacie\\\/wp-content\\\/uploads\\\/2024\\\/10\\\/Hemply-Hair-Fall-Prevention-Lotion.jpg\",\"datePublished\":\"2024-10-18T19:46:00+00:00\",\"dateModified\":\"2025-03-17T17:02:09+00:00\",\"breadcrumb\":{\"@id\":\"https:\\\/\\\/www.docteurjobez.fr\\\/pharmacie\\\/supp\\\/hemply-hair-fall-prevention-lotion\\\/#breadcrumb\"},\"inLanguage\":\"fr-FR\",\"potentialAction\":[{\"@type\":\"ReadAction\",\"target\":[\"https:\\\/\\\/www.docteurjobez.fr\\\/pharmacie\\\/supp\\\/hemply-hair-fall-prevention-lotion\\\/\"]}]},{\"@type\":\"ImageObject\",\"inLanguage\":\"fr-FR\",\"@id\":\"https:\\\/\\\/www.docteurjobez.fr\\\/pharmacie\\\/supp\\\/hemply-hair-fall-prevention-lotion\\\/#primaryimage\",\"url\":\"https:\\\/\\\/www.docteurjobez.fr\\\/pharmacie\\\/wp-content\\\/uploads\\\/2024\\\/10\\\/Hemply-Hair-Fall-Prevention-Lotion.jpg\",\"contentUrl\":\"https:\\\/\\\/www.docteurjobez.fr\\\/pharmacie\\\/wp-content\\\/uploads\\\/2024\\\/10\\\/Hemply-Hair-Fall-Prevention-Lotion.jpg\",\"width\":768,\"height\":768},{\"@type\":\"BreadcrumbList\",\"@id\":\"https:\\\/\\\/www.docteurjobez.fr\\\/pharmacie\\\/supp\\\/hemply-hair-fall-prevention-lotion\\\/#breadcrumb\",\"itemListElement\":[{\"@type\":\"ListItem\",\"position\":1,\"name\":\"Strona g\u0142\u00f3wna\",\"item\":\"https:\\\/\\\/www.docteurjobez.fr\\\/pharmacie\\\/\"},{\"@type\":\"ListItem\",\"position\":2,\"name\":\"farmaci\",\"item\":\"https:\\\/\\\/www.docteurjobez.fr\\\/pharmacie\\\/\"},{\"@type\":\"ListItem\",\"position\":3,\"name\":\"Hemply Hair Fall Prevention Lotion\"}]},{\"@type\":\"WebSite\",\"@id\":\"https:\\\/\\\/www.docteurjobez.fr\\\/pharmacie\\\/#website\",\"url\":\"https:\\\/\\\/www.docteurjobez.fr\\\/pharmacie\\\/\",\"name\":\"DocteurJobez\",\"description\":\"\",\"potentialAction\":[{\"@type\":\"SearchAction\",\"target\":{\"@type\":\"EntryPoint\",\"urlTemplate\":\"https:\\\/\\\/www.docteurjobez.fr\\\/pharmacie\\\/?s={search_term_string}\"},\"query-input\":{\"@type\":\"PropertyValueSpecification\",\"valueRequired\":true,\"valueName\":\"search_term_string\"}}],\"inLanguage\":\"fr-FR\"}]}<\/script>\n<!-- \/ Yoast SEO plugin. -->","yoast_head_json":{"title":"Hemply Hair Fall Prevention Lotion - Avis, Prix -50%, Forum, Pharmacie, Effets | DocteurJobez","robots":{"index":"index","follow":"follow","max-snippet":"max-snippet:-1","max-image-preview":"max-image-preview:large","max-video-preview":"max-video-preview:-1"},"canonical":"https:\/\/www.docteurjobez.fr\/pharmacie\/supp\/hemply-hair-fall-prevention-lotion\/","og_locale":"fr_FR","og_type":"article","og_title":"Hemply Hair Fall Prevention Lotion - Avis, Prix -50%, Forum, Pharmacie, Effets | DocteurJobez","og_url":"https:\/\/www.docteurjobez.fr\/pharmacie\/supp\/hemply-hair-fall-prevention-lotion\/","og_site_name":"DocteurJobez","article_modified_time":"2025-03-17T17:02:09+00:00","og_image":[{"width":768,"height":768,"url":"https:\/\/www.docteurjobez.fr\/pharmacie\/wp-content\/uploads\/2024\/10\/Hemply-Hair-Fall-Prevention-Lotion.jpg","type":"image\/jpeg"}],"twitter_card":"summary_large_image","twitter_description":"[date_countdown]","twitter_misc":{"Dur\u00e9e de lecture estim\u00e9e":"1 minute"},"schema":{"@context":"https:\/\/schema.org","@graph":[{"@type":"WebPage","@id":"https:\/\/www.docteurjobez.fr\/pharmacie\/supp\/hemply-hair-fall-prevention-lotion\/","url":"https:\/\/www.docteurjobez.fr\/pharmacie\/supp\/hemply-hair-fall-prevention-lotion\/","name":"Hemply Hair Fall Prevention Lotion - Avis, Prix -50%, Forum, Pharmacie, Effets | DocteurJobez","isPartOf":{"@id":"https:\/\/www.docteurjobez.fr\/pharmacie\/#website"},"primaryImageOfPage":{"@id":"https:\/\/www.docteurjobez.fr\/pharmacie\/supp\/hemply-hair-fall-prevention-lotion\/#primaryimage"},"image":{"@id":"https:\/\/www.docteurjobez.fr\/pharmacie\/supp\/hemply-hair-fall-prevention-lotion\/#primaryimage"},"thumbnailUrl":"https:\/\/www.docteurjobez.fr\/pharmacie\/wp-content\/uploads\/2024\/10\/Hemply-Hair-Fall-Prevention-Lotion.jpg","datePublished":"2024-10-18T19:46:00+00:00","dateModified":"2025-03-17T17:02:09+00:00","breadcrumb":{"@id":"https:\/\/www.docteurjobez.fr\/pharmacie\/supp\/hemply-hair-fall-prevention-lotion\/#breadcrumb"},"inLanguage":"fr-FR","potentialAction":[{"@type":"ReadAction","target":["https:\/\/www.docteurjobez.fr\/pharmacie\/supp\/hemply-hair-fall-prevention-lotion\/"]}]},{"@type":"ImageObject","inLanguage":"fr-FR","@id":"https:\/\/www.docteurjobez.fr\/pharmacie\/supp\/hemply-hair-fall-prevention-lotion\/#primaryimage","url":"https:\/\/www.docteurjobez.fr\/pharmacie\/wp-content\/uploads\/2024\/10\/Hemply-Hair-Fall-Prevention-Lotion.jpg","contentUrl":"https:\/\/www.docteurjobez.fr\/pharmacie\/wp-content\/uploads\/2024\/10\/Hemply-Hair-Fall-Prevention-Lotion.jpg","width":768,"height":768},{"@type":"BreadcrumbList","@id":"https:\/\/www.docteurjobez.fr\/pharmacie\/supp\/hemply-hair-fall-prevention-lotion\/#breadcrumb","itemListElement":[{"@type":"ListItem","position":1,"name":"Strona g\u0142\u00f3wna","item":"https:\/\/www.docteurjobez.fr\/pharmacie\/"},{"@type":"ListItem","position":2,"name":"farmaci","item":"https:\/\/www.docteurjobez.fr\/pharmacie\/"},{"@type":"ListItem","position":3,"name":"Hemply Hair Fall Prevention Lotion"}]},{"@type":"WebSite","@id":"https:\/\/www.docteurjobez.fr\/pharmacie\/#website","url":"https:\/\/www.docteurjobez.fr\/pharmacie\/","name":"DocteurJobez","description":"","potentialAction":[{"@type":"SearchAction","target":{"@type":"EntryPoint","urlTemplate":"https:\/\/www.docteurjobez.fr\/pharmacie\/?s={search_term_string}"},"query-input":{"@type":"PropertyValueSpecification","valueRequired":true,"valueName":"search_term_string"}}],"inLanguage":"fr-FR"}]}},"_links":{"self":[{"href":"https:\/\/www.docteurjobez.fr\/pharmacie\/wp-json\/wp\/v2\/product\/4442","targetHints":{"allow":["GET"]}}],"collection":[{"href":"https:\/\/www.docteurjobez.fr\/pharmacie\/wp-json\/wp\/v2\/product"}],"about":[{"href":"https:\/\/www.docteurjobez.fr\/pharmacie\/wp-json\/wp\/v2\/types\/product"}],"replies":[{"embeddable":true,"href":"https:\/\/www.docteurjobez.fr\/pharmacie\/wp-json\/wp\/v2\/comments?post=4442"}],"wp:featuredmedia":[{"embeddable":true,"href":"https:\/\/www.docteurjobez.fr\/pharmacie\/wp-json\/wp\/v2\/media\/3807"}],"wp:attachment":[{"href":"https:\/\/www.docteurjobez.fr\/pharmacie\/wp-json\/wp\/v2\/media?parent=4442"}],"wp:term":[{"taxonomy":"product_brand","embeddable":true,"href":"https:\/\/www.docteurjobez.fr\/pharmacie\/wp-json\/wp\/v2\/product_brand?post=4442"},{"taxonomy":"product_cat","embeddable":true,"href":"https:\/\/www.docteurjobez.fr\/pharmacie\/wp-json\/wp\/v2\/product_cat?post=4442"},{"taxonomy":"product_tag","embeddable":true,"href":"https:\/\/www.docteurjobez.fr\/pharmacie\/wp-json\/wp\/v2\/product_tag?post=4442"}],"curies":[{"name":"wp","href":"https:\/\/api.w.org\/{rel}","templated":true}]}}