{"id":4545,"date":"2024-10-18T19:46:26","date_gmt":"2024-10-18T19:46:26","guid":{"rendered":"https:\/\/chirurgie-orthopedie-vannes.fr\/pharmacie\/?post_type=product&#038;p=4545"},"modified":"2025-03-09T10:18:45","modified_gmt":"2025-03-09T10:18:45","slug":"fast-burn-extreme","status":"publish","type":"product","link":"https:\/\/www.docteurjobez.fr\/pharmacie\/supp\/fast-burn-extreme\/","title":{"rendered":"Fast Burn Extreme"},"content":{"rendered":"\n<h2 class=\"wp-block-heading\">Qu&rsquo;est-ce que Fast Burn Extreme et comment fonctionne-t-il ?<\/h2>\n\n\n\n<p>Fast Burn Extreme est un <b>compl\u00e9ment alimentaire<\/b> innovant qui soutient le processus de perte de poids. Son <em>action<\/em> est principalement bas\u00e9e sur l&rsquo;acc\u00e9l\u00e9ration du m\u00e9tabolisme, gr\u00e2ce \u00e0 laquelle le corps br\u00fble efficacement les graisses et les hydrates de carbone. La prise r\u00e9guli\u00e8re du produit peut permettre de br\u00fbler 500 calories suppl\u00e9mentaires pendant l&rsquo;entra\u00eenement, ce qui favorise consid\u00e9rablement l&rsquo;obtention d&rsquo;une silhouette de r\u00eave.<\/p>\n\n\n\n<p><b>La composition du<\/b> produit est remarquable ; il contient des <b>ingr\u00e9dients<\/b> actifs tels que l&rsquo;extrait de th\u00e9 vert, la caf\u00e9ine de guarana, le HCA et la capsa\u00efcine. Ces composants stimulent non seulement l&rsquo;organisme \u00e0 d\u00e9penser plus d&rsquo;\u00e9nergie, mais peuvent \u00e9galement favoriser le contr\u00f4le de l&rsquo;app\u00e9tit et augmenter la sati\u00e9t\u00e9. Des \u00e9tudes sugg\u00e8rent que la formule peut contribuer \u00e0 une perte de poids allant jusqu&rsquo;\u00e0 8 kg en deux mois.<\/p>\n\n\n\n<p>Il convient de noter la <b>posologie<\/b> recommand\u00e9e, qui se situe entre 2 et 4 g\u00e9lules par jour en fonction du poids. Cette approche peut augmenter <b>l&rsquo;efficacit\u00e9 de la<\/b> suppl\u00e9mentation. Associ\u00e9 \u00e0 une activit\u00e9 physique, Fast Burn Extreme augmente l&rsquo;endurance, ce qui peut se traduire par de meilleures performances athl\u00e9tiques.<\/p>\n\n\n\n<h2 class=\"wp-block-heading\">Avantages de Fast Burn Extreme &#8211; Effets<\/h2>\n\n\n\n<p><b>L&rsquo;utilisation de<\/b> Fast Burn Extreme apporte un certain nombre d&rsquo;<b>avantages<\/b> qui ont un impact positif sur le processus de perte de poids. Les <b>utilisateurs<\/b> peuvent s&rsquo;attendre \u00e0 <em>br\u00fbler les graisses plus efficacement<\/em> gr\u00e2ce \u00e0 une formule unique \u00e0 base d&rsquo;ingr\u00e9dients naturels. Les principaux <b>ingr\u00e9dients<\/b>, tels que l&rsquo;extrait de th\u00e9 vert, la caf\u00e9ine et le chrome, soutiennent le m\u00e9tabolisme, ce qui entra\u00eene une r\u00e9duction plus rapide des graisses.<\/p>\n\n\n\n<p>Les <b>avantages d&rsquo;une<\/b> utilisation r\u00e9guli\u00e8re de ce compl\u00e9ment sont les suivants :<\/p>\n\n\n\n<ul class=\"wp-block-list\">\n<li>Acc\u00e9l\u00e9rer le processus de <em>perte de poids<\/em>.<\/li>\n\n\n\n<li>Une augmentation de l&rsquo;\u00e9nergie, qui se traduit par des s\u00e9ances d&rsquo;entra\u00eenement plus intenses.<\/li>\n\n\n\n<li>Am\u00e9lioration de la condition physique, permettant des s\u00e9ances d&rsquo;entra\u00eenement plus longues et plus efficaces.<\/li>\n\n\n\n<li>R\u00e9duire l&rsquo;app\u00e9tit, ce qui facilite le contr\u00f4le des calories.<\/li>\n\n\n\n<li>Une am\u00e9lioration g\u00e9n\u00e9rale du bien-\u00eatre mental, qui favorise les objectifs de perte de poids \u00e0 long terme.<\/li>\n<\/ul>\n\n\n\n<p>De nombreux utilisateurs rapportent des <em>effets<\/em> significatifs d\u00e8s la premi\u00e8re dose, ce qui motive \u00e0 poursuivre l&rsquo;utilisation. Avec un r\u00e9gime alimentaire et une activit\u00e9 physique adapt\u00e9s, Fast Burn Extreme peut devenir un soutien essentiel dans la lutte contre l&rsquo;ob\u00e9sit\u00e9, qui est l&rsquo;un des plus grands d\u00e9fis de sant\u00e9 du monde moderne. Une <em>combustion<\/em> efficace <em>des graisses<\/em> et une augmentation du taux m\u00e9tabolique ne sont que quelques-uns des <b>avantages<\/b> soulign\u00e9s par les <b>utilisateurs<\/b>.<\/p>\n\n\n\n<h2 class=\"wp-block-heading\">Comment utiliser Fast Burn Extreme &#8211; Mode d&#8217;emploi et posologie<\/h2>\n\n\n\n<p>Pour obtenir des r\u00e9sultats optimaux avec le compl\u00e9ment Fast Burn Extreme, il est important de suivre les recommandations de la notice. Ce <b>compl\u00e9ment<\/b> est con\u00e7u pour une utilisation quotidienne et le <b>dosage<\/b> appropri\u00e9 est de 2 \u00e0 4 g\u00e9lules par jour, en fonction du poids corporel :<\/p>\n\n\n\n<ul class=\"wp-block-list\">\n<li>Personnes pesant moins de 85 kg : maximum 2 g\u00e9lules par jour.<\/li>\n\n\n\n<li>Personnes de plus de 85 kg : 4 g\u00e9lules par jour, pas plus.<\/li>\n<\/ul>\n\n\n\n<p>Il est important de prendre les g\u00e9lules avant les repas pour soutenir l&rsquo;efficacit\u00e9 de la suppl\u00e9mentation. Fast Burn Extreme a gagn\u00e9 la reconnaissance des utilisateurs, obtenant une note moyenne de 4 \u00e9toiles sur 5 sur des plateformes de commerce \u00e9lectronique r\u00e9put\u00e9es. Les utilisateurs rapportent une perte de poids possible allant jusqu&rsquo;\u00e0 9 kg en un mois.<\/p>\n\n\n\n<p>Outre la prise d&rsquo;un suppl\u00e9ment, il est essentiel de maintenir une alimentation saine et une activit\u00e9 physique. Il convient de veiller \u00e0 l&rsquo;hydratation de l&rsquo;organisme, qui favorise les processus m\u00e9taboliques. En cas d&rsquo;utilisation prolong\u00e9e de Fast Burn Extreme, les utilisateurs peuvent ressentir une augmentation de l&rsquo;\u00e9nergie et une am\u00e9lioration de l&rsquo;endurance pendant les s\u00e9ances d&rsquo;entra\u00eenement.<\/p>\n\n\n\n<p>En r\u00e9sum\u00e9, l&rsquo;<em>utilisation<\/em> et le <em>dosage<\/em> corrects de Fast Burn Extreme et l&rsquo;attention port\u00e9e \u00e0 un mode de vie sain sont les cl\u00e9s de la r\u00e9ussite pour atteindre les objectifs de perte de graisse.<\/p>\n\n\n\n<figure class=\"wp-block-table\"><table class=\"has-fixed-layout\"><tbody><tr><th>Poids corporel<\/th><th>Dosage (g\u00e9lules par jour)<\/th><\/tr><tr><td>Moins de 85 kg<\/td><td>2 g\u00e9lules<\/td><\/tr><tr><td>Plus de 85 kg<\/td><td>4 g\u00e9lules<\/td><\/tr><\/tbody><\/table><\/figure>\n\n\n\n<h2 class=\"wp-block-heading\">Fast Burn Extreme &#8211; Avis des utilisateurs, forum &#8211; Que disent les utilisateurs ?<\/h2>\n\n\n\n<p>Les <b>avis sur<\/b> Fast Burn Extreme sont vari\u00e9s, mais beaucoup soulignent son <b>efficacit\u00e9<\/b>. Les utilisateurs sur les forums partagent souvent leurs exp\u00e9riences, ce qui peut aider \u00e0 la d\u00e9cision d&rsquo;achat. Beaucoup notent que <b>des effets<\/b> positifs peuvent \u00eatre observ\u00e9s d\u00e8s le premier mois d&rsquo;utilisation. Voici quelques contributions :<\/p>\n\n\n\n<blockquote class=\"wp-block-quote is-layout-flow wp-block-quote-is-layout-flow\">\n<p><em>Kasia<\/em>: \u00ab\u00a0J&rsquo;ai utilis\u00e9 Fast Burn Extreme pendant trois mois et je peux dire qu&rsquo;il a consid\u00e9rablement am\u00e9lior\u00e9 mes performances pendant les s\u00e9ances d&rsquo;entra\u00eenement. J&rsquo;ai commenc\u00e9 \u00e0 voir des <b>r\u00e9sultats<\/b> d\u00e8s le premier mois.\u00a0\u00bb<\/p>\n<\/blockquote>\n\n\n\n<blockquote class=\"wp-block-quote is-layout-flow wp-block-quote-is-layout-flow\">\n<p><em>Marek<\/em>: \u00ab\u00a0En d\u00e9cidant d&rsquo;utiliser ce <b>compl\u00e9ment<\/b> pendant mon r\u00e9gime, j&rsquo;ai r\u00e9ussi \u00e0 perdre 5 kg en deux mois, et je me sens plein d&rsquo;\u00e9nergie tous les jours.\u00a0\u00bb<\/p>\n<\/blockquote>\n\n\n\n<blockquote class=\"wp-block-quote is-layout-flow wp-block-quote-is-layout-flow\">\n<p><em>Ania<\/em>: \u00ab\u00a0Je suis satisfaite des r\u00e9sultats. Fast Burn Extreme m&rsquo;a aid\u00e9e \u00e0 contr\u00f4ler mon app\u00e9tit et \u00e0 \u00e9viter de grignoter pendant la journ\u00e9e, ce qui s&rsquo;est av\u00e9r\u00e9 crucial dans mon r\u00e9gime.\u00a0\u00bb<\/p>\n<\/blockquote>\n\n\n\n<p><b>Les commentaires des<\/b> utilisateurs comprennent souvent une vari\u00e9t\u00e9 d&rsquo;observations sur l&rsquo;efficacit\u00e9 du produit. Les <b>forums de<\/b> discussion indiquent que certaines personnes remarquent des diff\u00e9rences dans les progr\u00e8s, avec des cas de perte de poids plus rapide et d&rsquo;autres avec des r\u00e9sultats plus progressifs. Il convient de noter que <b>les r\u00e9sultats<\/b> peuvent d\u00e9pendre des pr\u00e9dispositions individuelles et du mode de vie.<\/p>\n\n\n\n<p>Dans l&rsquo;ensemble, les utilisateurs soulignent les r\u00e9sultats positifs de Fast Burn Extreme, les <b>commentaires<\/b> <b>des forums<\/b> prouvant que le produit peut \u00eatre efficace dans le processus de perte de poids, en particulier pour ceux qui s&rsquo;entra\u00eenent activement. Pour certaines personnes, le processus peut \u00eatre plus graduel, d&rsquo;o\u00f9 les diff\u00e9rences dans les r\u00e9sultats rapport\u00e9s.<\/p>\n\n\n\n<h2 class=\"wp-block-heading\">Composition de Fast Burn Extreme &#8211; Que contient-il ?<\/h2>\n\n\n\n<p>Fast Burn Extreme est un <b>compl\u00e9ment alimentaire<\/b> qui contient un certain nombre d&rsquo;ingr\u00e9dients actifs cl\u00e9s con\u00e7us pour favoriser la perte de poids. Il <b>contient des<\/b> <b>ingr\u00e9dients naturels<\/b> qui aident \u00e0 acc\u00e9l\u00e9rer le m\u00e9tabolisme et \u00e0 augmenter l&rsquo;\u00e9nergie. Il vaut la peine d&rsquo;examiner en d\u00e9tail les ingr\u00e9dients propos\u00e9s par ce produit.<\/p>\n\n\n\n<ul class=\"wp-block-list\">\n<li>Extrait de caf\u00e9 vert &#8211; connu pour ses propri\u00e9t\u00e9s <b>br\u00fble-graisse<\/b> et stimulant le m\u00e9tabolisme.<\/li>\n\n\n\n<li>Caf\u00e9 robusta &#8211; fournit de l&rsquo;\u00e9nergie et am\u00e9liore la concentration pour un entra\u00eenement efficace.<\/li>\n\n\n\n<li>Extrait de Yerba mate &#8211; connu pour ses effets \u00e9nergisants et son soutien \u00e0 la th\u00e9rapie de perte de poids.<\/li>\n\n\n\n<li>Extrait de th\u00e9 vert &#8211; poss\u00e8de des propri\u00e9t\u00e9s antioxydantes et acc\u00e9l\u00e8re le processus de combustion des graisses.<\/li>\n\n\n\n<li>Chrome &#8211; r\u00e9gule le taux de glucose dans le sang, ce qui peut r\u00e9duire la sensation de faim.<\/li>\n\n\n\n<li>Orange am\u00e8re &#8211; soutient le m\u00e9tabolisme et aide \u00e0 contr\u00f4ler l&rsquo;app\u00e9tit.<\/li>\n\n\n\n<li>Poivre de Cayenne &#8211; augmente la thermogen\u00e8se, ce qui affecte la combustion des calories.<\/li>\n\n\n\n<li>Caf\u00e9ine &#8211; stimule l&rsquo;organisme \u00e0 agir, augmentant les performances et l&rsquo;endurance.<\/li>\n<\/ul>\n\n\n\n<p>Chacun de ces ingr\u00e9dients joue un r\u00f4le cl\u00e9 dans l&rsquo;action synergique de la formule. Les utilisateurs notent que l <b>&lsquo;utilisation<\/b> r\u00e9guli\u00e8re <b>de<\/b> Fast Burn Extreme produit des r\u00e9sultats significatifs en termes de r\u00e9duction des graisses et d&rsquo;augmentation des performances pendant les s\u00e9ances d&rsquo;entra\u00eenement.<\/p>\n\n\n\n<p><b>Les ingr\u00e9dients naturels<\/b> utilis\u00e9s dans Fast Burn Extreme sont capables de soutenir l&rsquo;effet de la perte de poids et d&rsquo;am\u00e9liorer le bien-\u00eatre des utilisateurs, ce qui est confirm\u00e9 par leurs commentaires positifs. L&rsquo;utilisation r\u00e9guli\u00e8re <b>du<\/b> produit apporte des r\u00e9sultats notables, contribuant \u00e0 la lutte \u00e0 long terme contre l&rsquo;exc\u00e8s de poids.<\/p>\n\n\n\n<h2 class=\"wp-block-heading\">Prix de Fast Burn Extreme &#8211; O\u00f9 acheter ?<\/h2>\n\n\n\n<p>Fast Burn Extreme est un produit qui n&rsquo;est disponible qu&rsquo;en ligne et, plus pr\u00e9cis\u00e9ment, sur le site officiel du fabricant. Vous avez ainsi l&rsquo;assurance d&rsquo;obtenir un produit original et efficace. En outre, le fabricant propose souvent des promotions limit\u00e9es dans le temps qui vous permettent d&rsquo;\u00e9conomiser sur votre commande. Des r\u00e9ductions sont \u00e9galement possibles pour l&rsquo;achat de plusieurs unit\u00e9s, il vaut donc la peine de v\u00e9rifier si une offre attrayante est actuellement en vigueur.<\/p>\n\n\n\n<h2 class=\"wp-block-heading\">Fast Burn Extreme &#8211; Effets secondaires et contre-indications<\/h2>\n\n\n\n<p>Fast Burn Extreme est g\u00e9n\u00e9ralement consid\u00e9r\u00e9 comme un <b>suppl\u00e9ment<\/b> s\u00fbr, mais comme tout produit, il pr\u00e9sente des <b>effets secondaires<\/b> potentiels. Les plaintes les plus fr\u00e9quentes sont les maux de t\u00eate, les naus\u00e9es et les maux d&rsquo;estomac. Ces effets secondaires sont g\u00e9n\u00e9ralement rares et sont souvent dus \u00e0 une surconsommation ou \u00e0 une intol\u00e9rance aux ingr\u00e9dients actifs. Il est donc important d&rsquo;utiliser le compl\u00e9ment conform\u00e9ment aux instructions pour garantir une plus grande <b>s\u00e9curit\u00e9<\/b>.<\/p>\n\n\n\n<p>Les <b>contre-indications<\/b> de Fast Burn Extreme sont la grossesse, l&rsquo;allaitement, les maladies cardiovasculaires et l&rsquo;hypertension. Les personnes souffrant de ces affections doivent consulter un m\u00e9decin avant de commencer la suppl\u00e9mentation. La consultation d&rsquo;un m\u00e9decin est \u00e9galement recommand\u00e9e en cas d&rsquo;inqui\u00e9tude concernant des allerg\u00e8nes ou des r\u00e9actions corporelles individuelles aux ingr\u00e9dients de la formule, ce qui augmente la <b>s\u00e9curit\u00e9<\/b> globale <b>de<\/b> son utilisation.<\/p>\n\n\n\n<p>Il convient de rappeler que Fast Burn Extreme contient des principes actifs naturels, tels que des extraits de plantes, qui ne devraient pas provoquer d&rsquo;effets secondaires significatifs chez les adultes en bonne sant\u00e9. N\u00e9anmoins, une approche \u00e9clair\u00e9e de la suppl\u00e9mentation et l&rsquo;information sur les effets possibles et les contre-indications peuvent vous aider \u00e0 optimiser vos r\u00e9sultats et \u00e0 garder votre sant\u00e9 au premier plan.<\/p>\n","protected":false},"excerpt":{"rendered":"<p><strong>[date_countdown]<\/strong><\/p>\n<p><img decoding=\"async\" class=\"alignnone  wp-image-8427\" src=\"https:\/\/www.docteurjobez.fr\/pharmacie\/wp-content\/uploads\/2024\/10\/SAFE-PAY-300x88-1.png\" alt=\"SAFE-PAY-300x88\" width=\"164\" height=\"48\" \/><\/p>\n","protected":false},"featured_media":3990,"comment_status":"open","ping_status":"closed","template":"","meta":{"neve_meta_sidebar":"","neve_meta_container":"","neve_meta_enable_content_width":"","neve_meta_content_width":0,"neve_meta_title_alignment":"","neve_meta_author_avatar":"","neve_post_elements_order":"","neve_meta_disable_header":"","neve_meta_disable_footer":"","neve_meta_disable_title":"","neve_meta_reading_time":""},"product_brand":[],"product_cat":[15],"product_tag":[],"class_list":{"0":"post-4545","1":"product","2":"type-product","3":"status-publish","4":"has-post-thumbnail","6":"product_cat-perte-de-poids","8":"first","9":"instock","10":"sale","11":"shipping-taxable","12":"product-type-external"},"yoast_head":"<!-- This site is optimized with the Yoast SEO plugin v27.4 - https:\/\/yoast.com\/product\/yoast-seo-wordpress\/ -->\n<title>Fast Burn Extreme - Avis, Prix -50%, Forum, Pharmacie, Effets | DocteurJobez<\/title>\n<meta name=\"robots\" content=\"index, follow, max-snippet:-1, max-image-preview:large, max-video-preview:-1\" \/>\n<link rel=\"canonical\" href=\"https:\/\/www.docteurjobez.fr\/pharmacie\/supp\/fast-burn-extreme\/\" \/>\n<meta property=\"og:locale\" content=\"fr_FR\" \/>\n<meta property=\"og:type\" content=\"article\" \/>\n<meta property=\"og:title\" content=\"Fast Burn Extreme - Avis, Prix -50%, Forum, Pharmacie, Effets | DocteurJobez\" \/>\n<meta property=\"og:url\" content=\"https:\/\/www.docteurjobez.fr\/pharmacie\/supp\/fast-burn-extreme\/\" \/>\n<meta property=\"og:site_name\" content=\"DocteurJobez\" \/>\n<meta property=\"article:modified_time\" content=\"2025-03-09T10:18:45+00:00\" \/>\n<meta property=\"og:image\" content=\"https:\/\/www.docteurjobez.fr\/pharmacie\/wp-content\/uploads\/2024\/10\/Fast-Burn-Extreme.jpg\" \/>\n\t<meta property=\"og:image:width\" content=\"768\" \/>\n\t<meta property=\"og:image:height\" content=\"768\" \/>\n\t<meta property=\"og:image:type\" content=\"image\/jpeg\" \/>\n<meta name=\"twitter:card\" content=\"summary_large_image\" \/>\n<meta name=\"twitter:description\" content=\"[date_countdown]\" \/>\n<meta name=\"twitter:label1\" content=\"Dur\u00e9e de lecture estim\u00e9e\" \/>\n\t<meta name=\"twitter:data1\" content=\"8 minutes\" \/>\n<script type=\"application\/ld+json\" class=\"yoast-schema-graph\">{\"@context\":\"https:\\\/\\\/schema.org\",\"@graph\":[{\"@type\":\"WebPage\",\"@id\":\"https:\\\/\\\/www.docteurjobez.fr\\\/pharmacie\\\/supp\\\/fast-burn-extreme\\\/\",\"url\":\"https:\\\/\\\/www.docteurjobez.fr\\\/pharmacie\\\/supp\\\/fast-burn-extreme\\\/\",\"name\":\"Fast Burn Extreme - Avis, Prix -50%, Forum, Pharmacie, Effets | DocteurJobez\",\"isPartOf\":{\"@id\":\"https:\\\/\\\/www.docteurjobez.fr\\\/pharmacie\\\/#website\"},\"primaryImageOfPage\":{\"@id\":\"https:\\\/\\\/www.docteurjobez.fr\\\/pharmacie\\\/supp\\\/fast-burn-extreme\\\/#primaryimage\"},\"image\":{\"@id\":\"https:\\\/\\\/www.docteurjobez.fr\\\/pharmacie\\\/supp\\\/fast-burn-extreme\\\/#primaryimage\"},\"thumbnailUrl\":\"https:\\\/\\\/www.docteurjobez.fr\\\/pharmacie\\\/wp-content\\\/uploads\\\/2024\\\/10\\\/Fast-Burn-Extreme.jpg\",\"datePublished\":\"2024-10-18T19:46:26+00:00\",\"dateModified\":\"2025-03-09T10:18:45+00:00\",\"breadcrumb\":{\"@id\":\"https:\\\/\\\/www.docteurjobez.fr\\\/pharmacie\\\/supp\\\/fast-burn-extreme\\\/#breadcrumb\"},\"inLanguage\":\"fr-FR\",\"potentialAction\":[{\"@type\":\"ReadAction\",\"target\":[\"https:\\\/\\\/www.docteurjobez.fr\\\/pharmacie\\\/supp\\\/fast-burn-extreme\\\/\"]}]},{\"@type\":\"ImageObject\",\"inLanguage\":\"fr-FR\",\"@id\":\"https:\\\/\\\/www.docteurjobez.fr\\\/pharmacie\\\/supp\\\/fast-burn-extreme\\\/#primaryimage\",\"url\":\"https:\\\/\\\/www.docteurjobez.fr\\\/pharmacie\\\/wp-content\\\/uploads\\\/2024\\\/10\\\/Fast-Burn-Extreme.jpg\",\"contentUrl\":\"https:\\\/\\\/www.docteurjobez.fr\\\/pharmacie\\\/wp-content\\\/uploads\\\/2024\\\/10\\\/Fast-Burn-Extreme.jpg\",\"width\":768,\"height\":768},{\"@type\":\"BreadcrumbList\",\"@id\":\"https:\\\/\\\/www.docteurjobez.fr\\\/pharmacie\\\/supp\\\/fast-burn-extreme\\\/#breadcrumb\",\"itemListElement\":[{\"@type\":\"ListItem\",\"position\":1,\"name\":\"Strona g\u0142\u00f3wna\",\"item\":\"https:\\\/\\\/www.docteurjobez.fr\\\/pharmacie\\\/\"},{\"@type\":\"ListItem\",\"position\":2,\"name\":\"farmaci\",\"item\":\"https:\\\/\\\/www.docteurjobez.fr\\\/pharmacie\\\/\"},{\"@type\":\"ListItem\",\"position\":3,\"name\":\"Fast Burn Extreme\"}]},{\"@type\":\"WebSite\",\"@id\":\"https:\\\/\\\/www.docteurjobez.fr\\\/pharmacie\\\/#website\",\"url\":\"https:\\\/\\\/www.docteurjobez.fr\\\/pharmacie\\\/\",\"name\":\"DocteurJobez\",\"description\":\"\",\"potentialAction\":[{\"@type\":\"SearchAction\",\"target\":{\"@type\":\"EntryPoint\",\"urlTemplate\":\"https:\\\/\\\/www.docteurjobez.fr\\\/pharmacie\\\/?s={search_term_string}\"},\"query-input\":{\"@type\":\"PropertyValueSpecification\",\"valueRequired\":true,\"valueName\":\"search_term_string\"}}],\"inLanguage\":\"fr-FR\"}]}<\/script>\n<!-- \/ Yoast SEO plugin. -->","yoast_head_json":{"title":"Fast Burn Extreme - Avis, Prix -50%, Forum, Pharmacie, Effets | DocteurJobez","robots":{"index":"index","follow":"follow","max-snippet":"max-snippet:-1","max-image-preview":"max-image-preview:large","max-video-preview":"max-video-preview:-1"},"canonical":"https:\/\/www.docteurjobez.fr\/pharmacie\/supp\/fast-burn-extreme\/","og_locale":"fr_FR","og_type":"article","og_title":"Fast Burn Extreme - Avis, Prix -50%, Forum, Pharmacie, Effets | DocteurJobez","og_url":"https:\/\/www.docteurjobez.fr\/pharmacie\/supp\/fast-burn-extreme\/","og_site_name":"DocteurJobez","article_modified_time":"2025-03-09T10:18:45+00:00","og_image":[{"width":768,"height":768,"url":"https:\/\/www.docteurjobez.fr\/pharmacie\/wp-content\/uploads\/2024\/10\/Fast-Burn-Extreme.jpg","type":"image\/jpeg"}],"twitter_card":"summary_large_image","twitter_description":"[date_countdown]","twitter_misc":{"Dur\u00e9e de lecture estim\u00e9e":"8 minutes"},"schema":{"@context":"https:\/\/schema.org","@graph":[{"@type":"WebPage","@id":"https:\/\/www.docteurjobez.fr\/pharmacie\/supp\/fast-burn-extreme\/","url":"https:\/\/www.docteurjobez.fr\/pharmacie\/supp\/fast-burn-extreme\/","name":"Fast Burn Extreme - Avis, Prix -50%, Forum, Pharmacie, Effets | DocteurJobez","isPartOf":{"@id":"https:\/\/www.docteurjobez.fr\/pharmacie\/#website"},"primaryImageOfPage":{"@id":"https:\/\/www.docteurjobez.fr\/pharmacie\/supp\/fast-burn-extreme\/#primaryimage"},"image":{"@id":"https:\/\/www.docteurjobez.fr\/pharmacie\/supp\/fast-burn-extreme\/#primaryimage"},"thumbnailUrl":"https:\/\/www.docteurjobez.fr\/pharmacie\/wp-content\/uploads\/2024\/10\/Fast-Burn-Extreme.jpg","datePublished":"2024-10-18T19:46:26+00:00","dateModified":"2025-03-09T10:18:45+00:00","breadcrumb":{"@id":"https:\/\/www.docteurjobez.fr\/pharmacie\/supp\/fast-burn-extreme\/#breadcrumb"},"inLanguage":"fr-FR","potentialAction":[{"@type":"ReadAction","target":["https:\/\/www.docteurjobez.fr\/pharmacie\/supp\/fast-burn-extreme\/"]}]},{"@type":"ImageObject","inLanguage":"fr-FR","@id":"https:\/\/www.docteurjobez.fr\/pharmacie\/supp\/fast-burn-extreme\/#primaryimage","url":"https:\/\/www.docteurjobez.fr\/pharmacie\/wp-content\/uploads\/2024\/10\/Fast-Burn-Extreme.jpg","contentUrl":"https:\/\/www.docteurjobez.fr\/pharmacie\/wp-content\/uploads\/2024\/10\/Fast-Burn-Extreme.jpg","width":768,"height":768},{"@type":"BreadcrumbList","@id":"https:\/\/www.docteurjobez.fr\/pharmacie\/supp\/fast-burn-extreme\/#breadcrumb","itemListElement":[{"@type":"ListItem","position":1,"name":"Strona g\u0142\u00f3wna","item":"https:\/\/www.docteurjobez.fr\/pharmacie\/"},{"@type":"ListItem","position":2,"name":"farmaci","item":"https:\/\/www.docteurjobez.fr\/pharmacie\/"},{"@type":"ListItem","position":3,"name":"Fast Burn Extreme"}]},{"@type":"WebSite","@id":"https:\/\/www.docteurjobez.fr\/pharmacie\/#website","url":"https:\/\/www.docteurjobez.fr\/pharmacie\/","name":"DocteurJobez","description":"","potentialAction":[{"@type":"SearchAction","target":{"@type":"EntryPoint","urlTemplate":"https:\/\/www.docteurjobez.fr\/pharmacie\/?s={search_term_string}"},"query-input":{"@type":"PropertyValueSpecification","valueRequired":true,"valueName":"search_term_string"}}],"inLanguage":"fr-FR"}]}},"_links":{"self":[{"href":"https:\/\/www.docteurjobez.fr\/pharmacie\/wp-json\/wp\/v2\/product\/4545","targetHints":{"allow":["GET"]}}],"collection":[{"href":"https:\/\/www.docteurjobez.fr\/pharmacie\/wp-json\/wp\/v2\/product"}],"about":[{"href":"https:\/\/www.docteurjobez.fr\/pharmacie\/wp-json\/wp\/v2\/types\/product"}],"replies":[{"embeddable":true,"href":"https:\/\/www.docteurjobez.fr\/pharmacie\/wp-json\/wp\/v2\/comments?post=4545"}],"wp:featuredmedia":[{"embeddable":true,"href":"https:\/\/www.docteurjobez.fr\/pharmacie\/wp-json\/wp\/v2\/media\/3990"}],"wp:attachment":[{"href":"https:\/\/www.docteurjobez.fr\/pharmacie\/wp-json\/wp\/v2\/media?parent=4545"}],"wp:term":[{"taxonomy":"product_brand","embeddable":true,"href":"https:\/\/www.docteurjobez.fr\/pharmacie\/wp-json\/wp\/v2\/product_brand?post=4545"},{"taxonomy":"product_cat","embeddable":true,"href":"https:\/\/www.docteurjobez.fr\/pharmacie\/wp-json\/wp\/v2\/product_cat?post=4545"},{"taxonomy":"product_tag","embeddable":true,"href":"https:\/\/www.docteurjobez.fr\/pharmacie\/wp-json\/wp\/v2\/product_tag?post=4545"}],"curies":[{"name":"wp","href":"https:\/\/api.w.org\/{rel}","templated":true}]}}