{"id":4564,"date":"2024-10-18T19:46:26","date_gmt":"2024-10-18T19:46:26","guid":{"rendered":"https:\/\/chirurgie-orthopedie-vannes.fr\/pharmacie\/?post_type=product&#038;p=4564"},"modified":"2025-03-07T11:04:40","modified_gmt":"2025-03-07T11:04:40","slug":"nutrigo-lab-burner","status":"publish","type":"product","link":"https:\/\/www.docteurjobez.fr\/pharmacie\/supp\/nutrigo-lab-burner\/","title":{"rendered":"Nutrigo Lab Burner"},"content":{"rendered":"\n<h2 class=\"wp-block-heading\">Qu&rsquo;est-ce que Nutrigo Lab Burner et comment fonctionne-t-il ?<\/h2>\n\n\n\n<p><b>Nutrigo Lab Burner<\/b> est un <b>compl\u00e9ment alimentaire<\/b> avanc\u00e9 d\u00e9di\u00e9 au processus de perte de poids. Son <em>action<\/em> est bas\u00e9e sur le m\u00e9canisme de la thermogen\u00e8se, qui augmente la temp\u00e9rature corporelle, ce qui acc\u00e9l\u00e8re la combustion des calories. Des <b>principes actifs<\/b> cl\u00e9s tels que le Sinetrol\u00ae Xpur, l&rsquo;extrait de Garcinia cambogia et la caf\u00e9ine soutiennent le m\u00e9tabolisme et le processus de combustion des graisses. L&rsquo;extrait de framboise contribue \u00e0 la stimulation du syst\u00e8me nerveux, ce qui contribue \u00e9galement \u00e0 l&rsquo;efficacit\u00e9 de la perte de poids.<\/p>\n\n\n\n<p>En outre, Nutrigo Lab Burner aide \u00e0 r\u00e9duire l&rsquo;app\u00e9tit, ce qui permet de mieux contr\u00f4ler les habitudes alimentaires. Des \u00e9l\u00e9ments tels que les fibres et le curcuma (extrait du rhizome de l&rsquo;hu\u00eetre longue) soutiennent les processus digestifs et contribuent \u00e0 augmenter la sensation de sati\u00e9t\u00e9. L&rsquo;<b>utilisation<\/b> r\u00e9guli\u00e8re <b>du<\/b> compl\u00e9ment peut avoir des effets significatifs sur la r\u00e9duction des graisses, tant pour les personnes actives que pour celles qui m\u00e8nent un mode de vie moins intensif.<\/p>\n\n\n\n<p>Les ingr\u00e9dients qui <b>entrent dans la composition de<\/b> Nutrigo Lab Burner sont bas\u00e9s sur des substances naturelles, ce qui augmente sa <b>s\u00e9curit\u00e9<\/b> et son <b>efficacit\u00e9<\/b>. La formule acc\u00e9l\u00e8re le m\u00e9tabolisme, ce qui est crucial dans le processus de perte de poids. Gr\u00e2ce \u00e0 la bonne combinaison d&rsquo;ingr\u00e9dients, tels que le chrome et la BioPerine\u00ae, le compl\u00e9ment favorise le maintien d&rsquo;une glyc\u00e9mie normale, ce qui est important pour un contr\u00f4le efficace du poids.<\/p>\n\n\n\n<h2 class=\"wp-block-heading\">Quels sont les effets de Nutrigo Lab Burner ?<\/h2>\n\n\n\n<p>L&rsquo;<b>utilisation<\/b> r\u00e9guli\u00e8re <b>de<\/b> Nutrigo Lab Burner produit une vari\u00e9t\u00e9 d&rsquo;<em>effets d&rsquo;application<\/em> qui peuvent \u00eatre utiles \u00e0 ceux qui souhaitent <em>perdre du poids<\/em>. Les personnes qui optent pour ce suppl\u00e9ment remarquent le plus souvent une r\u00e9duction significative de la graisse corporelle. Le produit agit de plusieurs mani\u00e8res, en soutenant non seulement les processus de combustion, mais aussi en am\u00e9liorant la forme physique et le <em>bien-\u00eatre<\/em> en g\u00e9n\u00e9ral.<\/p>\n\n\n\n<p>Nutrigo Lab Burner contient un complexe d&rsquo;ingr\u00e9dients actifs, tels que SINETROL\u00ae Xpur, qui contribue \u00e0 une combustion plus efficace des graisses et r\u00e9duit la sensation de faim. L&rsquo;extrait de fruit d&rsquo;orange am\u00e8re favorise la thermogen\u00e8se, ce qui permet d&rsquo;augmenter les d\u00e9penses caloriques. Les capsules de poivre de Cayenne acc\u00e9l\u00e8rent quant \u00e0 elles le taux m\u00e9tabolique, ce qui a \u00e9galement un impact significatif sur la <em>perte de poids<\/em>.<\/p>\n\n\n\n<p>Les utilisateurs font souvent \u00e9tat d&rsquo;une am\u00e9lioration de leur niveau d&rsquo;\u00e9nergie et de leur bien-\u00eatre mental lorsqu&rsquo;ils prennent le compl\u00e9ment. Avec un r\u00e9gime alimentaire et une activit\u00e9 physique adapt\u00e9s, il est possible d&rsquo;obtenir des r\u00e9sultats significatifs, tels qu&rsquo;une r\u00e9duction du tour de taille. De plus, l&rsquo;absence d&rsquo;effets secondaires renforce la confiance en Nutrigo Lab Burner, ce qui le rend encore plus attrayant pour les personnes qui souhaitent prendre soin de leur silhouette et de leur sant\u00e9.<\/p>\n\n\n\n<h2 class=\"wp-block-heading\">Comment utiliser correctement Nutrigo Lab Burner &#8211; Dosage<\/h2>\n\n\n\n<p>La <b>dose<\/b> recommand\u00e9e <b>de<\/b> Nutrigo Lab Burner est de <em>2 g\u00e9lules par jour<\/em>. Il est pr\u00e9f\u00e9rable de prendre le compl\u00e9ment avant un repas. Les utilisateurs ne doivent pas oublier d&rsquo;avaler les comprim\u00e9s avec beaucoup d&rsquo;eau, ce qui favorise l&rsquo;absorption et une bonne hydratation de l&rsquo;organisme. Le moment de la prise de ce suppl\u00e9ment est important pour obtenir des r\u00e9sultats notables, il est donc important de suivre les instructions affich\u00e9es.<\/p>\n\n\n\n<p>Voici les d\u00e9tails de la posologie et des recommandations :<\/p>\n\n\n\n<figure class=\"wp-block-table\"><table class=\"has-fixed-layout\"><tbody><tr><th>Nombre de g\u00e9lules par jour<\/th><th>P\u00e9riode d&rsquo;application<\/th><th>Consommation d&rsquo;eau recommand\u00e9e<\/th><\/tr><tr><td>2<\/td><td>3-6 mois<\/td><td>Minimum 300 ml<\/td><\/tr><\/tbody><\/table><\/figure>\n\n\n\n<p>L&rsquo;utilisation r\u00e9guli\u00e8re <b>du<\/b> produit peut acc\u00e9l\u00e9rer le m\u00e9tabolisme et aider \u00e0 r\u00e9duire la graisse corporelle. Les utilisateurs doivent garder \u00e0 l&rsquo;esprit que les effets de combustion des graisses peuvent \u00eatre clairement visibles apr\u00e8s 4 semaines d&rsquo;utilisation et que le traitement optimal doit durer entre 3 et 6 mois. Le maintien d&rsquo;une alimentation saine et d&rsquo;une activit\u00e9 physique maximise les effets de la suppl\u00e9mentation.<\/p>\n\n\n\n<h2 class=\"wp-block-heading\">Nutrigo Lab Burner &#8211; Avis et critiques, Forum<\/h2>\n\n\n\n<p>Les <b>avis sur<\/b> Nutrigo Lab Burner sont extr\u00eamement vari\u00e9s, refl\u00e9tant la diversit\u00e9 des exp\u00e9riences des utilisateurs. De nombreux <b>avis<\/b> sur de nombreux forums en ligne soulignent l&rsquo;<b>efficacit\u00e9 du<\/b> compl\u00e9ment dans la lutte contre l&rsquo;exc\u00e8s de poids.<\/p>\n\n\n\n<p>Certains utilisateurs font l&rsquo;\u00e9loge du produit pour ses <b>effets<\/b>. De nombreuses d\u00e9clarations mettent l&rsquo;accent sur l&rsquo;augmentation de l&rsquo;\u00e9nergie et la r\u00e9duction de l&rsquo;app\u00e9tit. Les extraits de garcinia cambogia et de guarana, inclus dans le compl\u00e9ment, sont souvent mis en avant comme des ingr\u00e9dients cl\u00e9s pour soutenir la <b>perte de poids<\/b>.<\/p>\n\n\n\n<ul class=\"wp-block-list\">\n<li><em>Kasia :<\/em> \u00ab\u00a0Depuis que j&rsquo;utilise Nutrigo Lab Burner, j&rsquo;ai remarqu\u00e9 une perte de poids significative. Le produit supprime efficacement mon app\u00e9tit et je me sens pleine d&rsquo;\u00e9nergie. Je le recommande \u00e0 tous ceux qui luttent contre les kilos superflus.\u00a0\u00bb<\/li>\n\n\n\n<li><em>Mark :<\/em> \u00ab\u00a0Je ne pensais pas que les compl\u00e9ments pouvaient m&rsquo;aider, mais j&rsquo;ai \u00e9t\u00e9 surpris. Apr\u00e8s un mois d&rsquo;utilisation, j&rsquo;ai remarqu\u00e9 que je pouvais courir plus longtemps et que je r\u00e9sistais plus facilement \u00e0 la tentation de grignoter.\u00a0\u00bb<\/li>\n\n\n\n<li><em>Ania :<\/em> \u00ab\u00a0\u00c7a marche vraiment ! J&rsquo;ai connu des fluctuations de poids et je me sens maintenant ma\u00eetre de mon corps. De plus, j&rsquo;ai remarqu\u00e9 une am\u00e9lioration de mon humeur. Je le recommande vraiment !\u00a0\u00bb<\/li>\n<\/ul>\n\n\n\n<p>Les <b>commentaires<\/b> n\u00e9gatifs sont \u00e9galement fr\u00e9quents sur les forums. Certains utilisateurs indiquent qu&rsquo;ils n&rsquo;ont pas obtenu les r\u00e9sultats escompt\u00e9s, ce qui peut \u00eatre d\u00fb aux caract\u00e9ristiques corporelles et au mode de vie de chacun. Les r\u00e9sultats de Nutrigo Lab Burner semblent d\u00e9pendre du taux m\u00e9tabolique et de la r\u00e9gularit\u00e9 de l&rsquo;utilisation.<\/p>\n\n\n\n<p>La diversit\u00e9 des <em>exp\u00e9riences des utilisateurs<\/em> permet de mieux comprendre comment ce compl\u00e9ment agit sur l&rsquo;organisme. Il vaut la peine de pr\u00eater attention aux avis et aux <b>t\u00e9moignages<\/b>, car ils peuvent fournir des indications pr\u00e9cieuses sur l&rsquo;efficacit\u00e9 de Nutrigo Lab Burner.<\/p>\n\n\n\n<h2 class=\"wp-block-heading\">Nutrigo Lab Burner &#8211; Composition &#8211; Analyse des ingr\u00e9dients<\/h2>\n\n\n\n<p>Nutrigo Lab Burner contient un ensemble d&rsquo;ingr\u00e9dients soigneusement s\u00e9lectionn\u00e9s qui favorisent la <b>perte de poids<\/b> et am\u00e9liorent les performances du corps. L&rsquo;un des composants les plus importants est l&rsquo;extrait de th\u00e9 vert. Il offre une multitude d&rsquo;antioxydants qui favorisent la d\u00e9sintoxication de l&rsquo;organisme.<\/p>\n\n\n\n<p>Un autre ingr\u00e9dient cl\u00e9 est la L-carnitine, responsable du transport des acides gras vers les mitochondries, o\u00f9 ils sont br\u00fbl\u00e9s pour produire de l&rsquo;\u00e9nergie. La caf\u00e9ine, en tant que stimulant naturel, augmente les niveaux d&rsquo;\u00e9nergie et soutient les processus m\u00e9taboliques. Les fibres, qui jouent un r\u00f4le important dans la r\u00e9gulation de la digestion, compl\u00e8tent la composition.<\/p>\n\n\n\n<p>L&rsquo;<b>analyse des ingr\u00e9dients<\/b> comprend \u00e9galement la BioP\u00e9rine, connue pour ses propri\u00e9t\u00e9s d&rsquo;acc\u00e9l\u00e9ration du m\u00e9tabolisme. La Garcinia Cambogia, qui contient de l&rsquo;acide hydroxycitrique (HCA), est capable de bloquer la production de graisse, ce qui est essentiel dans les compl\u00e9ments alimentaires destin\u00e9s \u00e0 la perte de poids. Les c\u00e9tones de framboise, responsables de l&rsquo;acc\u00e9l\u00e9ration du m\u00e9tabolisme, sont \u00e9galement pr\u00e9sentes dans cette formule. L&rsquo;extrait brevet\u00e9 Sinetrol Xpur contribue \u00e0 la r\u00e9duction du poids corporel et du tour de taille, en soutenant les processus de lipolyse.<\/p>\n\n\n\n<p>Sans oublier la curcumine, extraite du curcuma, qui a un effet anti-inflammatoire, favorise la d\u00e9sintoxication du foie et r\u00e9duit la croissance de nouvelles cellules graisseuses. Gr\u00e2ce au chrome, un ingr\u00e9dient qui influence le m\u00e9tabolisme, il est possible de pr\u00e9venir l&rsquo;accumulation de graisse dans les tissus.<\/p>\n\n\n\n<p>La <b>suppl\u00e9mentation<\/b> Nutrigo Lab Burner, avec ses ingr\u00e9dients riches et naturels, devient un \u00e9l\u00e9ment cl\u00e9 dans la poursuite d&rsquo;une silhouette id\u00e9ale et d&rsquo;un mode de vie sain. Gr\u00e2ce \u00e0 la bonne s\u00e9lection des ingr\u00e9dients, ce produit apporte des b\u00e9n\u00e9fices significatifs aux personnes physiquement actives.<\/p>\n\n\n\n<h2 class=\"wp-block-heading\">O\u00f9 acheter et quel est le prix de Nutrigo Lab Burner ?<\/h2>\n\n\n\n<p>Nutrigo Lab Burner est disponible exclusivement sur <em>le site officiel du fabricant<\/em>. L&rsquo;achat sur ce site garantit l&rsquo;originalit\u00e9 du produit, ce qui est essentiel pour obtenir les effets souhait\u00e9s. Il vaut la peine de pr\u00eater attention aux offres actuelles, car des <em>promotions<\/em> attrayantes apparaissent souvent sur le site du fabricant. Suivre r\u00e9guli\u00e8rement leur offre peut apporter des avantages financiers. Les commandes pass\u00e9es sur le site officiel sont trait\u00e9es dans un d\u00e9lai rapide, g\u00e9n\u00e9ralement entre 1 et 3 jours ouvrables, ce qui signifie que les clients peuvent rapidement profiter du suppl\u00e9ment achet\u00e9.<\/p>\n\n\n\n<p>Il n&rsquo;est pas possible d&rsquo;acheter Nutrigo Lab Burner dans les pharmacies stationnaires, il est donc crucial de savoir o\u00f9 <b>acheter<\/b> ce produit. Une utilisation r\u00e9guli\u00e8re \u00e0 raison de 2 g\u00e9lules par jour pendant au moins 2 \u00e0 3 mois permet d&rsquo;obtenir des r\u00e9sultats optimaux. Gr\u00e2ce \u00e0 ses ingr\u00e9dients actifs, le compl\u00e9ment favorise \u00e0 la fois les processus m\u00e9taboliques et le contr\u00f4le de l&rsquo;app\u00e9tit.<\/p>\n\n\n\n<h2 class=\"wp-block-heading\">Nutrigo Lab Burner &#8211; Effets secondaires et contre-indications &#8211; Est-il s\u00fbr ?<\/h2>\n\n\n\n<p>Nutrigo Lab Burner est un compl\u00e9ment alimentaire qui est g\u00e9n\u00e9ralement consid\u00e9r\u00e9 comme s\u00fbr pour la plupart des utilisateurs. Cependant, comme tout autre produit, il peut provoquer des <b>effets secondaires<\/b>. Parmi les sympt\u00f4mes les plus fr\u00e9quemment rapport\u00e9s, on trouve les maux de t\u00eate, les maux d&rsquo;estomac et les fluctuations \u00e9motionnelles. Les personnes hypersensibles aux <b>ingr\u00e9dients actifs<\/b>, tels que le th\u00e9 vert ou l&rsquo;extrait de poivre de Cayenne, devraient demander l&rsquo;avis d&rsquo;un m\u00e9decin avant de commencer la suppl\u00e9mentation.<\/p>\n\n\n\n<p>Il convient \u00e9galement de noter qu&rsquo;il existe des <b>contre-indications<\/b> \u00e0 l&rsquo;utilisation de Nutrigo Lab Burner. Le produit est d\u00e9conseill\u00e9 aux personnes de moins de 18 ans, ainsi qu&rsquo;aux femmes enceintes et allaitantes. Pour cette raison, il est toujours conseill\u00e9 de consulter votre m\u00e9decin avant de commencer le traitement afin de garantir votre <b>s\u00e9curit\u00e9<\/b>. La <b>suppl\u00e9mentation<\/b> doit \u00eatre adapt\u00e9e aux besoins individuels et \u00e0 l&rsquo;\u00e9tat de sant\u00e9.<\/p>\n\n\n\n<p>Malgr\u00e9 certaines inqui\u00e9tudes, de nombreux utilisateurs appr\u00e9cient Nutrigo Lab Burner pour ses bienfaits potentiels sur la sant\u00e9, tels que le contr\u00f4le de l&rsquo;app\u00e9tit et l&rsquo;am\u00e9lioration des performances physiques. Cependant, la d\u00e9cision de l&rsquo;utiliser doit \u00eatre m\u00fbrement r\u00e9fl\u00e9chie et toute incertitude doit \u00eatre r\u00e9solue en consultant un sp\u00e9cialiste appropri\u00e9.<\/p>\n","protected":false},"excerpt":{"rendered":"<p><strong>[date_countdown]<\/strong><\/p>\n<p><img decoding=\"async\" class=\"alignnone  wp-image-8427\" src=\"https:\/\/www.docteurjobez.fr\/pharmacie\/wp-content\/uploads\/2024\/10\/SAFE-PAY-300x88-1.png\" alt=\"SAFE-PAY-300x88\" width=\"164\" height=\"48\" \/><\/p>\n","protected":false},"featured_media":4571,"comment_status":"open","ping_status":"closed","template":"","meta":{"neve_meta_sidebar":"","neve_meta_container":"","neve_meta_enable_content_width":"","neve_meta_content_width":0,"neve_meta_title_alignment":"","neve_meta_author_avatar":"","neve_post_elements_order":"","neve_meta_disable_header":"","neve_meta_disable_footer":"","neve_meta_disable_title":"","neve_meta_reading_time":""},"product_brand":[],"product_cat":[15],"product_tag":[],"class_list":{"0":"post-4564","1":"product","2":"type-product","3":"status-publish","4":"has-post-thumbnail","6":"product_cat-perte-de-poids","8":"first","9":"instock","10":"sale","11":"shipping-taxable","12":"product-type-external"},"yoast_head":"<!-- This site is optimized with the Yoast SEO plugin v27.4 - https:\/\/yoast.com\/product\/yoast-seo-wordpress\/ -->\n<title>Nutrigo Lab Burner - Avis, Prix -50%, Forum, Pharmacie, Effets | DocteurJobez<\/title>\n<meta name=\"robots\" content=\"index, follow, max-snippet:-1, max-image-preview:large, max-video-preview:-1\" \/>\n<link rel=\"canonical\" href=\"https:\/\/www.docteurjobez.fr\/pharmacie\/supp\/nutrigo-lab-burner\/\" \/>\n<meta property=\"og:locale\" content=\"fr_FR\" \/>\n<meta property=\"og:type\" content=\"article\" \/>\n<meta property=\"og:title\" content=\"Nutrigo Lab Burner - Avis, Prix -50%, Forum, Pharmacie, Effets | DocteurJobez\" \/>\n<meta property=\"og:url\" content=\"https:\/\/www.docteurjobez.fr\/pharmacie\/supp\/nutrigo-lab-burner\/\" \/>\n<meta property=\"og:site_name\" content=\"DocteurJobez\" \/>\n<meta property=\"article:modified_time\" content=\"2025-03-07T11:04:40+00:00\" \/>\n<meta property=\"og:image\" content=\"https:\/\/www.docteurjobez.fr\/pharmacie\/wp-content\/uploads\/2024\/10\/Nutrigo-Lab-Burner.jpg\" \/>\n\t<meta property=\"og:image:width\" content=\"768\" \/>\n\t<meta property=\"og:image:height\" content=\"768\" \/>\n\t<meta property=\"og:image:type\" content=\"image\/jpeg\" \/>\n<meta name=\"twitter:card\" content=\"summary_large_image\" \/>\n<meta name=\"twitter:description\" content=\"[date_countdown]\" \/>\n<meta name=\"twitter:label1\" content=\"Dur\u00e9e de lecture estim\u00e9e\" \/>\n\t<meta name=\"twitter:data1\" content=\"1 minute\" \/>\n<script type=\"application\/ld+json\" class=\"yoast-schema-graph\">{\"@context\":\"https:\\\/\\\/schema.org\",\"@graph\":[{\"@type\":\"WebPage\",\"@id\":\"https:\\\/\\\/www.docteurjobez.fr\\\/pharmacie\\\/supp\\\/nutrigo-lab-burner\\\/\",\"url\":\"https:\\\/\\\/www.docteurjobez.fr\\\/pharmacie\\\/supp\\\/nutrigo-lab-burner\\\/\",\"name\":\"Nutrigo Lab Burner - Avis, Prix -50%, Forum, Pharmacie, Effets | DocteurJobez\",\"isPartOf\":{\"@id\":\"https:\\\/\\\/www.docteurjobez.fr\\\/pharmacie\\\/#website\"},\"primaryImageOfPage\":{\"@id\":\"https:\\\/\\\/www.docteurjobez.fr\\\/pharmacie\\\/supp\\\/nutrigo-lab-burner\\\/#primaryimage\"},\"image\":{\"@id\":\"https:\\\/\\\/www.docteurjobez.fr\\\/pharmacie\\\/supp\\\/nutrigo-lab-burner\\\/#primaryimage\"},\"thumbnailUrl\":\"https:\\\/\\\/www.docteurjobez.fr\\\/pharmacie\\\/wp-content\\\/uploads\\\/2024\\\/10\\\/Nutrigo-Lab-Burner.jpg\",\"datePublished\":\"2024-10-18T19:46:26+00:00\",\"dateModified\":\"2025-03-07T11:04:40+00:00\",\"breadcrumb\":{\"@id\":\"https:\\\/\\\/www.docteurjobez.fr\\\/pharmacie\\\/supp\\\/nutrigo-lab-burner\\\/#breadcrumb\"},\"inLanguage\":\"fr-FR\",\"potentialAction\":[{\"@type\":\"ReadAction\",\"target\":[\"https:\\\/\\\/www.docteurjobez.fr\\\/pharmacie\\\/supp\\\/nutrigo-lab-burner\\\/\"]}]},{\"@type\":\"ImageObject\",\"inLanguage\":\"fr-FR\",\"@id\":\"https:\\\/\\\/www.docteurjobez.fr\\\/pharmacie\\\/supp\\\/nutrigo-lab-burner\\\/#primaryimage\",\"url\":\"https:\\\/\\\/www.docteurjobez.fr\\\/pharmacie\\\/wp-content\\\/uploads\\\/2024\\\/10\\\/Nutrigo-Lab-Burner.jpg\",\"contentUrl\":\"https:\\\/\\\/www.docteurjobez.fr\\\/pharmacie\\\/wp-content\\\/uploads\\\/2024\\\/10\\\/Nutrigo-Lab-Burner.jpg\",\"width\":768,\"height\":768},{\"@type\":\"BreadcrumbList\",\"@id\":\"https:\\\/\\\/www.docteurjobez.fr\\\/pharmacie\\\/supp\\\/nutrigo-lab-burner\\\/#breadcrumb\",\"itemListElement\":[{\"@type\":\"ListItem\",\"position\":1,\"name\":\"Strona g\u0142\u00f3wna\",\"item\":\"https:\\\/\\\/www.docteurjobez.fr\\\/pharmacie\\\/\"},{\"@type\":\"ListItem\",\"position\":2,\"name\":\"farmaci\",\"item\":\"https:\\\/\\\/www.docteurjobez.fr\\\/pharmacie\\\/\"},{\"@type\":\"ListItem\",\"position\":3,\"name\":\"Nutrigo Lab Burner\"}]},{\"@type\":\"WebSite\",\"@id\":\"https:\\\/\\\/www.docteurjobez.fr\\\/pharmacie\\\/#website\",\"url\":\"https:\\\/\\\/www.docteurjobez.fr\\\/pharmacie\\\/\",\"name\":\"DocteurJobez\",\"description\":\"\",\"potentialAction\":[{\"@type\":\"SearchAction\",\"target\":{\"@type\":\"EntryPoint\",\"urlTemplate\":\"https:\\\/\\\/www.docteurjobez.fr\\\/pharmacie\\\/?s={search_term_string}\"},\"query-input\":{\"@type\":\"PropertyValueSpecification\",\"valueRequired\":true,\"valueName\":\"search_term_string\"}}],\"inLanguage\":\"fr-FR\"}]}<\/script>\n<!-- \/ Yoast SEO plugin. -->","yoast_head_json":{"title":"Nutrigo Lab Burner - Avis, Prix -50%, Forum, Pharmacie, Effets | DocteurJobez","robots":{"index":"index","follow":"follow","max-snippet":"max-snippet:-1","max-image-preview":"max-image-preview:large","max-video-preview":"max-video-preview:-1"},"canonical":"https:\/\/www.docteurjobez.fr\/pharmacie\/supp\/nutrigo-lab-burner\/","og_locale":"fr_FR","og_type":"article","og_title":"Nutrigo Lab Burner - Avis, Prix -50%, Forum, Pharmacie, Effets | DocteurJobez","og_url":"https:\/\/www.docteurjobez.fr\/pharmacie\/supp\/nutrigo-lab-burner\/","og_site_name":"DocteurJobez","article_modified_time":"2025-03-07T11:04:40+00:00","og_image":[{"width":768,"height":768,"url":"https:\/\/www.docteurjobez.fr\/pharmacie\/wp-content\/uploads\/2024\/10\/Nutrigo-Lab-Burner.jpg","type":"image\/jpeg"}],"twitter_card":"summary_large_image","twitter_description":"[date_countdown]","twitter_misc":{"Dur\u00e9e de lecture estim\u00e9e":"1 minute"},"schema":{"@context":"https:\/\/schema.org","@graph":[{"@type":"WebPage","@id":"https:\/\/www.docteurjobez.fr\/pharmacie\/supp\/nutrigo-lab-burner\/","url":"https:\/\/www.docteurjobez.fr\/pharmacie\/supp\/nutrigo-lab-burner\/","name":"Nutrigo Lab Burner - Avis, Prix -50%, Forum, Pharmacie, Effets | DocteurJobez","isPartOf":{"@id":"https:\/\/www.docteurjobez.fr\/pharmacie\/#website"},"primaryImageOfPage":{"@id":"https:\/\/www.docteurjobez.fr\/pharmacie\/supp\/nutrigo-lab-burner\/#primaryimage"},"image":{"@id":"https:\/\/www.docteurjobez.fr\/pharmacie\/supp\/nutrigo-lab-burner\/#primaryimage"},"thumbnailUrl":"https:\/\/www.docteurjobez.fr\/pharmacie\/wp-content\/uploads\/2024\/10\/Nutrigo-Lab-Burner.jpg","datePublished":"2024-10-18T19:46:26+00:00","dateModified":"2025-03-07T11:04:40+00:00","breadcrumb":{"@id":"https:\/\/www.docteurjobez.fr\/pharmacie\/supp\/nutrigo-lab-burner\/#breadcrumb"},"inLanguage":"fr-FR","potentialAction":[{"@type":"ReadAction","target":["https:\/\/www.docteurjobez.fr\/pharmacie\/supp\/nutrigo-lab-burner\/"]}]},{"@type":"ImageObject","inLanguage":"fr-FR","@id":"https:\/\/www.docteurjobez.fr\/pharmacie\/supp\/nutrigo-lab-burner\/#primaryimage","url":"https:\/\/www.docteurjobez.fr\/pharmacie\/wp-content\/uploads\/2024\/10\/Nutrigo-Lab-Burner.jpg","contentUrl":"https:\/\/www.docteurjobez.fr\/pharmacie\/wp-content\/uploads\/2024\/10\/Nutrigo-Lab-Burner.jpg","width":768,"height":768},{"@type":"BreadcrumbList","@id":"https:\/\/www.docteurjobez.fr\/pharmacie\/supp\/nutrigo-lab-burner\/#breadcrumb","itemListElement":[{"@type":"ListItem","position":1,"name":"Strona g\u0142\u00f3wna","item":"https:\/\/www.docteurjobez.fr\/pharmacie\/"},{"@type":"ListItem","position":2,"name":"farmaci","item":"https:\/\/www.docteurjobez.fr\/pharmacie\/"},{"@type":"ListItem","position":3,"name":"Nutrigo Lab Burner"}]},{"@type":"WebSite","@id":"https:\/\/www.docteurjobez.fr\/pharmacie\/#website","url":"https:\/\/www.docteurjobez.fr\/pharmacie\/","name":"DocteurJobez","description":"","potentialAction":[{"@type":"SearchAction","target":{"@type":"EntryPoint","urlTemplate":"https:\/\/www.docteurjobez.fr\/pharmacie\/?s={search_term_string}"},"query-input":{"@type":"PropertyValueSpecification","valueRequired":true,"valueName":"search_term_string"}}],"inLanguage":"fr-FR"}]}},"_links":{"self":[{"href":"https:\/\/www.docteurjobez.fr\/pharmacie\/wp-json\/wp\/v2\/product\/4564","targetHints":{"allow":["GET"]}}],"collection":[{"href":"https:\/\/www.docteurjobez.fr\/pharmacie\/wp-json\/wp\/v2\/product"}],"about":[{"href":"https:\/\/www.docteurjobez.fr\/pharmacie\/wp-json\/wp\/v2\/types\/product"}],"replies":[{"embeddable":true,"href":"https:\/\/www.docteurjobez.fr\/pharmacie\/wp-json\/wp\/v2\/comments?post=4564"}],"wp:featuredmedia":[{"embeddable":true,"href":"https:\/\/www.docteurjobez.fr\/pharmacie\/wp-json\/wp\/v2\/media\/4571"}],"wp:attachment":[{"href":"https:\/\/www.docteurjobez.fr\/pharmacie\/wp-json\/wp\/v2\/media?parent=4564"}],"wp:term":[{"taxonomy":"product_brand","embeddable":true,"href":"https:\/\/www.docteurjobez.fr\/pharmacie\/wp-json\/wp\/v2\/product_brand?post=4564"},{"taxonomy":"product_cat","embeddable":true,"href":"https:\/\/www.docteurjobez.fr\/pharmacie\/wp-json\/wp\/v2\/product_cat?post=4564"},{"taxonomy":"product_tag","embeddable":true,"href":"https:\/\/www.docteurjobez.fr\/pharmacie\/wp-json\/wp\/v2\/product_tag?post=4564"}],"curies":[{"name":"wp","href":"https:\/\/api.w.org\/{rel}","templated":true}]}}