{"id":4631,"date":"2024-10-18T19:46:48","date_gmt":"2024-10-18T19:46:48","guid":{"rendered":"https:\/\/chirurgie-orthopedie-vannes.fr\/pharmacie\/?post_type=product&#038;p=4631"},"modified":"2025-03-09T11:59:08","modified_gmt":"2025-03-09T11:59:08","slug":"hondrolife","status":"publish","type":"product","link":"https:\/\/www.docteurjobez.fr\/pharmacie\/supp\/hondrolife\/","title":{"rendered":"Hondrolife"},"content":{"rendered":"\n<h2 class=\"wp-block-heading\">Qu&rsquo;est-ce qu&rsquo;HONDROLIFE et comment fonctionne-t-il ?<\/h2>\n\n\n\n<p><b>HONDROLIFE<\/b> est <em>un spray innovant contre les douleurs articulaires<\/em> qui associe des ingr\u00e9dients naturels tels que la glucosamine, la chondro\u00eftine, l&rsquo;huile d&rsquo;onagre et l&rsquo;extrait de griffe de DIabel. Le produit soutient ainsi les processus de <em>soulagement de la douleur<\/em> et de r\u00e9g\u00e9n\u00e9ration des tissus articulaires. L <b>&lsquo;effet d&rsquo;<\/b> HONDROLIFE se fait souvent sentir en peu de temps, ce qui en fait une solution pratique pour les personnes souffrant de douleurs articulaires.<\/p>\n\n\n\n<p>L&rsquo;<b>utilisation<\/b> r\u00e9guli\u00e8re d&rsquo;HONDROLIFE augmente la mobilit\u00e9 des membres et am\u00e9liore l&rsquo;\u00e9tat g\u00e9n\u00e9ral de l&rsquo;appareil locomoteur. Les utilisateurs rapportent des am\u00e9liorations significatives de la mobilit\u00e9 articulaire apr\u00e8s seulement deux semaines, ce qui confirme l&rsquo;efficacit\u00e9 de ce spray. Gr\u00e2ce \u00e0 cette combinaison d&rsquo;ingr\u00e9dients, HONDROLIFE pr\u00e9sente des propri\u00e9t\u00e9s anti-inflammatoires et analg\u00e9siques.<\/p>\n\n\n\n<p>Les principaux ingr\u00e9dients, tels que la glucosamine et la chondro\u00eftine, favorisent la formation du tissu cartilagineux des articulations et acc\u00e9l\u00e8rent sa r\u00e9g\u00e9n\u00e9ration. L&rsquo;acide hyaluronique hydratant am\u00e9liore encore l&rsquo;\u00e9tat g\u00e9n\u00e9ral des articulations, ce qui contribue \u00e0 un soulagement plus rapide de la douleur.<\/p>\n\n\n\n<h2 class=\"wp-block-heading\">HONDROLIFE &#8211; effets<\/h2>\n\n\n\n<p>HONDROLIFE, <b>spray contre les douleurs articulaires<\/b>, pr\u00e9sente un certain nombre d&rsquo;effets b\u00e9n\u00e9fiques constat\u00e9s par ses utilisateurs. L&rsquo;utilisation r\u00e9guli\u00e8re <b>du<\/b> produit permet de soulager les douleurs articulaires et d&rsquo;am\u00e9liorer la souplesse des articulations. Gr\u00e2ce \u00e0 des ingr\u00e9dients naturels tels que la glucosamine et la chondro\u00eftine, HONDROLIFE favorise la r\u00e9g\u00e9n\u00e9ration du cartilage, ce qui contribue \u00e0 r\u00e9duire l&rsquo;inflammation.<\/p>\n\n\n\n<p>D&rsquo;apr\u00e8s les commentaires des utilisateurs, HONDROLIFE entra\u00eene une am\u00e9lioration significative de la mobilit\u00e9 des articulations. Les utilisateurs du spray constatent qu&rsquo;apr\u00e8s l&rsquo;application, ils se sentent plus \u00e0 l&rsquo;aise et plus confortables dans leurs activit\u00e9s quotidiennes. Dans de nombreux cas, les <b>effets<\/b> sont visibles d\u00e8s 30 minutes apr\u00e8s l&rsquo;application, ce qui rend HONDROLIFE tr\u00e8s populaire dans la lutte contre les probl\u00e8mes articulaires.<\/p>\n\n\n\n<p>Malgr\u00e9 des r\u00e9sultats variables en fonction des conditions individuelles, de nombreux utilisateurs font \u00e9tat d&rsquo;une am\u00e9lioration de leur qualit\u00e9 de vie apr\u00e8s l&rsquo;utilisation d&rsquo;HONDROLIFE. Gr\u00e2ce \u00e0 sa facilit\u00e9 d&rsquo;application et \u00e0 sa formule naturelle, la productivit\u00e9 et l&rsquo;activit\u00e9 physique peuvent augmenter, ce qui est particuli\u00e8rement important pour les personnes souffrant de douleurs articulaires chroniques.<\/p>\n\n\n\n<h2 class=\"wp-block-heading\">Comment utiliser HONDROLIFE &#8211; Mode d&#8217;emploi et posologie<\/h2>\n\n\n\n<p>L<b>&lsquo;application de<\/b> HondroLife est pratique et intuitive. Pour obtenir les meilleurs r\u00e9sultats, vaporisez une quantit\u00e9 appropri\u00e9e directement sur la zone douloureuse. Le produit doit \u00eatre d\u00e9licatement mass\u00e9 dans la peau, ce qui favorise l&rsquo;absorption des ingr\u00e9dients actifs. Les <b>instructions d&rsquo;HONDROLIFE<\/b> recommandent d&rsquo;appliquer le spray 2 \u00e0 3 fois par jour, ce qui peut repr\u00e9senter jusqu&rsquo;\u00e0 21 applications par semaine.<\/p>\n\n\n\n<p>L&rsquo;utilisation r\u00e9guli\u00e8re de HondroLife est la cl\u00e9 de son efficacit\u00e9. Les utilisateurs remarquent souvent une am\u00e9lioration des douleurs articulaires apr\u00e8s seulement quelques jours, et des <b>effets<\/b> durables peuvent se manifester apr\u00e8s environ quatre semaines d&rsquo;utilisation r\u00e9guli\u00e8re. Il est important de bien agiter le flacon avant chaque utilisation, ce qui augmente l&rsquo;efficacit\u00e9 du produit.<\/p>\n\n\n\n<p>En cas d&rsquo;apparition d&rsquo;effets secondaires tels que des rougeurs ou une irritation de la peau, il est recommand\u00e9 d&rsquo;arr\u00eater l&rsquo;utilisation et de consulter un m\u00e9decin. Les utilisateurs ayant des besoins particuliers, tels que les enfants de moins de 12 ans, doivent consulter un m\u00e9decin avant d&rsquo;utiliser le produit. Pour des raisons de s\u00e9curit\u00e9, il est essentiel d&rsquo;\u00e9viter tout contact du produit avec les yeux et les plaies ouvertes.<\/p>\n\n\n\n<figure class=\"wp-block-table\"><table class=\"has-fixed-layout\"><tbody><tr><th>Fr\u00e9quence d&rsquo;application<\/th><th>Raisons de l&rsquo;utilisation<\/th><th>Effets<\/th><\/tr><tr><td>2 \u00e0 3 fois par jour<\/td><td><b>Soulagement des douleurs<\/b> articulaires<\/td><td>Am\u00e9lioration de la douleur et de la mobilit\u00e9<\/td><\/tr><tr><td>Quotidiennement pendant au moins 4 semaines<\/td><td>Obtenir des effets durables<\/td><td>Augmentation de l&rsquo;efficacit\u00e9 de 30<\/td><\/tr><tr><td>Imm\u00e9diatement apr\u00e8s l&rsquo;utilisation<\/td><td>Soutien \u00e0 la r\u00e9g\u00e9n\u00e9ration des articulations<\/td><td>R\u00e9duction du temps de r\u00e9cup\u00e9ration<\/td><\/tr><\/tbody><\/table><\/figure>\n\n\n\n<h2 class=\"wp-block-heading\">Exp\u00e9riences et avis des utilisateurs de HONDROLIFE &#8211; quels sont les avis ?<\/h2>\n\n\n\n<p>Les <b>avis sur HONDROLIFE<\/b> gagnent en popularit\u00e9, les <b>exp\u00e9riences des utilisateurs<\/b> montrant les <b>effets<\/b> vari\u00e9s <b>de l&rsquo;<\/b> utilisation de ce spray. De nombreuses personnes ayant souffert de probl\u00e8mes articulaires soulignent les excellents r\u00e9sultats obtenus apr\u00e8s l&rsquo;utilisation du produit. Les utilisateurs soulignent que l&rsquo;utilisation r\u00e9guli\u00e8re du spray, recommand\u00e9e 2 \u00e0 3 fois par jour, entra\u00eene une r\u00e9duction significative de la douleur et une am\u00e9lioration de la flexibilit\u00e9 des articulations.<\/p>\n\n\n\n<p>Janek, 45 ans, nous fait part de ses impressions : \u00ab\u00a0HondroLife est un produit r\u00e9volutionnaire pour moi. J&rsquo;ai souffert de douleurs chroniques au genou pendant des ann\u00e9es. Apr\u00e8s avoir utilis\u00e9 le spray pendant une semaine, j&rsquo;ai constat\u00e9 une am\u00e9lioration consid\u00e9rable. Je peux \u00e0 nouveau courir ! Marta, 34 ans, loue \u00e9galement l&rsquo;<b>effet d&rsquo;<\/b> HONDROLIFE : \u00ab\u00a0Les douleurs dans le bas du dos \u00e9taient insupportables. Gr\u00e2ce \u00e0 HondroLife, je peux enfin me pencher sans ressentir de g\u00eane. J&rsquo;en suis ravie !\u00a0\u00bb<\/p>\n\n\n\n<p><b>Les commentaires des<\/b> utilisateurs indiquent une am\u00e9lioration de la qualit\u00e9 de vie, ainsi que la possibilit\u00e9 de reprendre une activit\u00e9 physique. Christopher, 56 ans, ajoute : \u00ab\u00a0Je ne pensais pas que le spray pouvait soulager mes douleurs articulaires. Mais HondroLife m&rsquo;a surpris. Je l&rsquo;utilise tous les jours avant l&rsquo;entra\u00eenement et les r\u00e9sultats sont excellents !<\/p>\n\n\n\n<p>Les extraits de principes actifs, tels que la glucosamine et l&rsquo;extrait de racine de diable, contribuent \u00e0 r\u00e9duire les douleurs articulaires. Sur les forums en ligne, les utilisateurs font souvent part de leurs exp\u00e9riences positives, ce qui renforce l&rsquo;impression d&rsquo;efficacit\u00e9 d&rsquo;HONDROLIFE contre les douleurs articulaires.<\/p>\n\n\n\n<h2 class=\"wp-block-heading\">Composition d&rsquo;HONDROLIFE &#8211; Analyse des ingr\u00e9dients<\/h2>\n\n\n\n<p>HONDROLIFE contient des ingr\u00e9dients soigneusement s\u00e9lectionn\u00e9s pour soutenir la sant\u00e9 des articulations. L&rsquo;\u00e9l\u00e9ment cl\u00e9 est la <em>glucosamine<\/em>, qui joue un r\u00f4le important dans la restauration du tissu cartilagineux. Elle agit en synergie avec la <em>chondro\u00eftine<\/em>, qui poss\u00e8de des propri\u00e9t\u00e9s anti-inflammatoires et contribue \u00e0 soulager la douleur. <b>HONDROLIFE<\/b> contient \u00e9galement divers extraits de plantes qui enrichissent les <b>effets de la<\/b> pr\u00e9paration.<\/p>\n\n\n\n<p>L&rsquo;<b>analyse des ingr\u00e9dients d&rsquo;<\/b> HONDROLIFE r\u00e9v\u00e8le que la formule contient de l&rsquo;<em>acide hyaluronique<\/em>, ainsi que des huiles essentielles naturelles, qui ont pour effet de d\u00e9tendre les muscles et de r\u00e9duire les tensions. Gr\u00e2ce \u00e0 cette combinaison, <b>les principes actifs de<\/b> cette formule contribuent \u00e0 renforcer la structure des articulations et \u00e0 am\u00e9liorer leur fonctionnement au quotidien.<\/p>\n\n\n\n<ul class=\"wp-block-list\">\n<li><em>Glucosamine<\/em> &#8211; favorise la reconstruction du cartilage.<\/li>\n\n\n\n<li><em>Chondro\u00eftine<\/em> &#8211; soulage l&rsquo;inflammation.<\/li>\n\n\n\n<li><em>Acide hyaluronique<\/em> &#8211; hydrate et r\u00e9g\u00e9n\u00e8re les articulations.<\/li>\n\n\n\n<li><em>Extraits de plantes<\/em> &#8211; soutiennent la sant\u00e9 des articulations.<\/li>\n<\/ul>\n\n\n\n<p>HONDROLIFE peut \u00eatre enrichi d&rsquo;autres ingr\u00e9dients, comme la <em>vitamine C<\/em>, qui favorise la synth\u00e8se du collag\u00e8ne, ou la <em>vitamine D<\/em>, responsable de l&rsquo;absorption correcte du calcium. Gr\u00e2ce \u00e0 cette combinaison, l&rsquo;<b>analyse des ingr\u00e9dients d&rsquo;<\/b> HONDROLIFE confirme son efficacit\u00e9 pour traiter les probl\u00e8mes articulaires et soutenir la sant\u00e9 des articulations \u00e0 long terme.<\/p>\n\n\n\n<h2 class=\"wp-block-heading\">O\u00f9 acheter et combien co\u00fbte HONDROLIFE &#8211; prix<\/h2>\n\n\n\n<p>HONDROLIFE est uniquement disponible sur <em>le site officiel du fabricant<\/em>. Cela garantit l&rsquo;authenticit\u00e9 du produit et son efficacit\u00e9. Il est utile de visiter r\u00e9guli\u00e8rement ce site pour se tenir au courant des promotions en cours. Les prix peuvent varier en fonction des remises, ce qui rend l&rsquo;achat encore plus int\u00e9ressant.<\/p>\n\n\n\n<p>L&rsquo;achat d&rsquo;HONDROLIFE n&rsquo;entra\u00eene pas les frais suppl\u00e9mentaires que l&rsquo;on pourrait craindre dans les pharmacies traditionnelles. Le produit n&rsquo;est pas disponible en pharmacie, ce qui \u00e9limine le besoin d&rsquo;interm\u00e9diaires. Cela signifie que les clients peuvent \u00e9viter le prix plus \u00e9lev\u00e9 associ\u00e9 \u00e0 ces achats.<\/p>\n\n\n\n<p>La livraison d&rsquo;HONDROLIFE prend g\u00e9n\u00e9ralement 3 \u00e0 4 jours ouvrables et le paiement est effectu\u00e9 \u00e0 la livraison. Les utilisateurs d\u00e9clarent souvent qu&rsquo;ils sont heureux d&rsquo;incorporer ce produit dans leur routine quotidienne, remarquant une r\u00e9duction significative des douleurs articulaires et une am\u00e9lioration g\u00e9n\u00e9rale de la mobilit\u00e9.<\/p>\n\n\n\n<p>Une visite r\u00e9guli\u00e8re du <em>site officiel du fabricant<\/em> vous permet d&rsquo;acc\u00e9der aux offres et promotions avantageuses d&rsquo;HONDROLIFE. Le suivi du prix et de la disponibilit\u00e9 des produits est crucial pour ceux qui souhaitent am\u00e9liorer leur sant\u00e9.<\/p>\n\n\n\n<h2 class=\"wp-block-heading\">HONDROLIFE &#8211; Effets secondaires et contre-indications &#8211; Est-il s\u00fbr ?<\/h2>\n\n\n\n<p>Hondrolife est un <b>spray contre les douleurs articulaires<\/b> qui est consid\u00e9r\u00e9 comme un produit s\u00fbr, mais comme tout compl\u00e9ment alimentaire, il peut provoquer des <b>effets secondaires<\/b>. Dans de rares cas, des utilisateurs ont signal\u00e9 des sympt\u00f4mes tels que des rougeurs de la peau, des d\u00e9mangeaisons ou des br\u00fblures. En g\u00e9n\u00e9ral, ces r\u00e9actions sont l\u00e9g\u00e8res et disparaissent \u00e0 l&rsquo;arr\u00eat de l&rsquo;utilisation. Il convient de noter que la plupart des personnes ne ressentent aucun effet ind\u00e9sirable.<\/p>\n\n\n\n<p>En termes de <b>contre-indications<\/b>, les personnes allergiques \u00e0 l&rsquo;un des ingr\u00e9dients du produit ne doivent pas l&rsquo;utiliser. En outre, les femmes enceintes et allaitantes devraient consulter leur m\u00e9decin avant de prendre Hondrolife afin de garantir une s\u00e9curit\u00e9 maximale. Les personnes souffrant de maladies auto-immunes devraient \u00e9galement consulter un m\u00e9decin avant d&rsquo;utiliser le produit.<\/p>\n\n\n\n<p>Malgr\u00e9 les effets secondaires potentiels, la <b>s\u00e9curit\u00e9 d&rsquo;HONDROLIFE<\/b> et sa composition sont confirm\u00e9es par des \u00e9tudes cliniques. Le produit a \u00e9t\u00e9 d\u00e9velopp\u00e9 par des sp\u00e9cialistes exp\u00e9riment\u00e9s, ce qui renforce la confiance dans son utilisation. Pour la majorit\u00e9 des utilisateurs, les effets r\u00e9sultants sont positifs, ce qui fait de Hondrolife une solution populaire dans la lutte contre les douleurs articulaires.<\/p>\n","protected":false},"excerpt":{"rendered":"<p><strong>[date_countdown]<\/strong><\/p>\n<p><img decoding=\"async\" class=\"alignnone  wp-image-8427\" src=\"https:\/\/www.docteurjobez.fr\/pharmacie\/wp-content\/uploads\/2024\/10\/SAFE-PAY-300x88-1.png\" alt=\"SAFE-PAY-300x88\" width=\"164\" height=\"48\" \/><\/p>\n","protected":false},"featured_media":4082,"comment_status":"open","ping_status":"closed","template":"","meta":{"neve_meta_sidebar":"","neve_meta_container":"","neve_meta_enable_content_width":"","neve_meta_content_width":0,"neve_meta_title_alignment":"","neve_meta_author_avatar":"","neve_post_elements_order":"","neve_meta_disable_header":"","neve_meta_disable_footer":"","neve_meta_disable_title":"","neve_meta_reading_time":""},"product_brand":[],"product_cat":[18],"product_tag":[],"class_list":{"0":"post-4631","1":"product","2":"type-product","3":"status-publish","4":"has-post-thumbnail","6":"product_cat-sante","8":"first","9":"instock","10":"sale","11":"shipping-taxable","12":"product-type-external"},"yoast_head":"<!-- This site is optimized with the Yoast SEO plugin v27.4 - https:\/\/yoast.com\/product\/yoast-seo-wordpress\/ -->\n<title>Hondrolife - Avis, Prix -50%, Forum, Pharmacie, Effets | DocteurJobez<\/title>\n<meta name=\"robots\" content=\"index, follow, max-snippet:-1, max-image-preview:large, max-video-preview:-1\" \/>\n<link rel=\"canonical\" href=\"https:\/\/www.docteurjobez.fr\/pharmacie\/supp\/hondrolife\/\" \/>\n<meta property=\"og:locale\" content=\"fr_FR\" \/>\n<meta property=\"og:type\" content=\"article\" \/>\n<meta property=\"og:title\" content=\"Hondrolife - Avis, Prix -50%, Forum, Pharmacie, Effets | DocteurJobez\" \/>\n<meta property=\"og:url\" content=\"https:\/\/www.docteurjobez.fr\/pharmacie\/supp\/hondrolife\/\" \/>\n<meta property=\"og:site_name\" content=\"DocteurJobez\" \/>\n<meta property=\"article:modified_time\" content=\"2025-03-09T11:59:08+00:00\" \/>\n<meta property=\"og:image\" content=\"https:\/\/www.docteurjobez.fr\/pharmacie\/wp-content\/uploads\/2024\/10\/HONDROLIFE.jpg\" \/>\n\t<meta property=\"og:image:width\" content=\"768\" \/>\n\t<meta property=\"og:image:height\" content=\"768\" \/>\n\t<meta property=\"og:image:type\" content=\"image\/jpeg\" \/>\n<meta name=\"twitter:card\" content=\"summary_large_image\" \/>\n<meta name=\"twitter:description\" content=\"[date_countdown]\" \/>\n<meta name=\"twitter:label1\" content=\"Dur\u00e9e de lecture estim\u00e9e\" \/>\n\t<meta name=\"twitter:data1\" content=\"1 minute\" \/>\n<script type=\"application\/ld+json\" class=\"yoast-schema-graph\">{\"@context\":\"https:\\\/\\\/schema.org\",\"@graph\":[{\"@type\":\"WebPage\",\"@id\":\"https:\\\/\\\/www.docteurjobez.fr\\\/pharmacie\\\/supp\\\/hondrolife\\\/\",\"url\":\"https:\\\/\\\/www.docteurjobez.fr\\\/pharmacie\\\/supp\\\/hondrolife\\\/\",\"name\":\"Hondrolife - Avis, Prix -50%, Forum, Pharmacie, Effets | DocteurJobez\",\"isPartOf\":{\"@id\":\"https:\\\/\\\/www.docteurjobez.fr\\\/pharmacie\\\/#website\"},\"primaryImageOfPage\":{\"@id\":\"https:\\\/\\\/www.docteurjobez.fr\\\/pharmacie\\\/supp\\\/hondrolife\\\/#primaryimage\"},\"image\":{\"@id\":\"https:\\\/\\\/www.docteurjobez.fr\\\/pharmacie\\\/supp\\\/hondrolife\\\/#primaryimage\"},\"thumbnailUrl\":\"https:\\\/\\\/www.docteurjobez.fr\\\/pharmacie\\\/wp-content\\\/uploads\\\/2024\\\/10\\\/HONDROLIFE.jpg\",\"datePublished\":\"2024-10-18T19:46:48+00:00\",\"dateModified\":\"2025-03-09T11:59:08+00:00\",\"breadcrumb\":{\"@id\":\"https:\\\/\\\/www.docteurjobez.fr\\\/pharmacie\\\/supp\\\/hondrolife\\\/#breadcrumb\"},\"inLanguage\":\"fr-FR\",\"potentialAction\":[{\"@type\":\"ReadAction\",\"target\":[\"https:\\\/\\\/www.docteurjobez.fr\\\/pharmacie\\\/supp\\\/hondrolife\\\/\"]}]},{\"@type\":\"ImageObject\",\"inLanguage\":\"fr-FR\",\"@id\":\"https:\\\/\\\/www.docteurjobez.fr\\\/pharmacie\\\/supp\\\/hondrolife\\\/#primaryimage\",\"url\":\"https:\\\/\\\/www.docteurjobez.fr\\\/pharmacie\\\/wp-content\\\/uploads\\\/2024\\\/10\\\/HONDROLIFE.jpg\",\"contentUrl\":\"https:\\\/\\\/www.docteurjobez.fr\\\/pharmacie\\\/wp-content\\\/uploads\\\/2024\\\/10\\\/HONDROLIFE.jpg\",\"width\":768,\"height\":768},{\"@type\":\"BreadcrumbList\",\"@id\":\"https:\\\/\\\/www.docteurjobez.fr\\\/pharmacie\\\/supp\\\/hondrolife\\\/#breadcrumb\",\"itemListElement\":[{\"@type\":\"ListItem\",\"position\":1,\"name\":\"Strona g\u0142\u00f3wna\",\"item\":\"https:\\\/\\\/www.docteurjobez.fr\\\/pharmacie\\\/\"},{\"@type\":\"ListItem\",\"position\":2,\"name\":\"farmaci\",\"item\":\"https:\\\/\\\/www.docteurjobez.fr\\\/pharmacie\\\/\"},{\"@type\":\"ListItem\",\"position\":3,\"name\":\"Hondrolife\"}]},{\"@type\":\"WebSite\",\"@id\":\"https:\\\/\\\/www.docteurjobez.fr\\\/pharmacie\\\/#website\",\"url\":\"https:\\\/\\\/www.docteurjobez.fr\\\/pharmacie\\\/\",\"name\":\"DocteurJobez\",\"description\":\"\",\"potentialAction\":[{\"@type\":\"SearchAction\",\"target\":{\"@type\":\"EntryPoint\",\"urlTemplate\":\"https:\\\/\\\/www.docteurjobez.fr\\\/pharmacie\\\/?s={search_term_string}\"},\"query-input\":{\"@type\":\"PropertyValueSpecification\",\"valueRequired\":true,\"valueName\":\"search_term_string\"}}],\"inLanguage\":\"fr-FR\"}]}<\/script>\n<!-- \/ Yoast SEO plugin. -->","yoast_head_json":{"title":"Hondrolife - Avis, Prix -50%, Forum, Pharmacie, Effets | DocteurJobez","robots":{"index":"index","follow":"follow","max-snippet":"max-snippet:-1","max-image-preview":"max-image-preview:large","max-video-preview":"max-video-preview:-1"},"canonical":"https:\/\/www.docteurjobez.fr\/pharmacie\/supp\/hondrolife\/","og_locale":"fr_FR","og_type":"article","og_title":"Hondrolife - Avis, Prix -50%, Forum, Pharmacie, Effets | DocteurJobez","og_url":"https:\/\/www.docteurjobez.fr\/pharmacie\/supp\/hondrolife\/","og_site_name":"DocteurJobez","article_modified_time":"2025-03-09T11:59:08+00:00","og_image":[{"width":768,"height":768,"url":"https:\/\/www.docteurjobez.fr\/pharmacie\/wp-content\/uploads\/2024\/10\/HONDROLIFE.jpg","type":"image\/jpeg"}],"twitter_card":"summary_large_image","twitter_description":"[date_countdown]","twitter_misc":{"Dur\u00e9e de lecture estim\u00e9e":"1 minute"},"schema":{"@context":"https:\/\/schema.org","@graph":[{"@type":"WebPage","@id":"https:\/\/www.docteurjobez.fr\/pharmacie\/supp\/hondrolife\/","url":"https:\/\/www.docteurjobez.fr\/pharmacie\/supp\/hondrolife\/","name":"Hondrolife - Avis, Prix -50%, Forum, Pharmacie, Effets | DocteurJobez","isPartOf":{"@id":"https:\/\/www.docteurjobez.fr\/pharmacie\/#website"},"primaryImageOfPage":{"@id":"https:\/\/www.docteurjobez.fr\/pharmacie\/supp\/hondrolife\/#primaryimage"},"image":{"@id":"https:\/\/www.docteurjobez.fr\/pharmacie\/supp\/hondrolife\/#primaryimage"},"thumbnailUrl":"https:\/\/www.docteurjobez.fr\/pharmacie\/wp-content\/uploads\/2024\/10\/HONDROLIFE.jpg","datePublished":"2024-10-18T19:46:48+00:00","dateModified":"2025-03-09T11:59:08+00:00","breadcrumb":{"@id":"https:\/\/www.docteurjobez.fr\/pharmacie\/supp\/hondrolife\/#breadcrumb"},"inLanguage":"fr-FR","potentialAction":[{"@type":"ReadAction","target":["https:\/\/www.docteurjobez.fr\/pharmacie\/supp\/hondrolife\/"]}]},{"@type":"ImageObject","inLanguage":"fr-FR","@id":"https:\/\/www.docteurjobez.fr\/pharmacie\/supp\/hondrolife\/#primaryimage","url":"https:\/\/www.docteurjobez.fr\/pharmacie\/wp-content\/uploads\/2024\/10\/HONDROLIFE.jpg","contentUrl":"https:\/\/www.docteurjobez.fr\/pharmacie\/wp-content\/uploads\/2024\/10\/HONDROLIFE.jpg","width":768,"height":768},{"@type":"BreadcrumbList","@id":"https:\/\/www.docteurjobez.fr\/pharmacie\/supp\/hondrolife\/#breadcrumb","itemListElement":[{"@type":"ListItem","position":1,"name":"Strona g\u0142\u00f3wna","item":"https:\/\/www.docteurjobez.fr\/pharmacie\/"},{"@type":"ListItem","position":2,"name":"farmaci","item":"https:\/\/www.docteurjobez.fr\/pharmacie\/"},{"@type":"ListItem","position":3,"name":"Hondrolife"}]},{"@type":"WebSite","@id":"https:\/\/www.docteurjobez.fr\/pharmacie\/#website","url":"https:\/\/www.docteurjobez.fr\/pharmacie\/","name":"DocteurJobez","description":"","potentialAction":[{"@type":"SearchAction","target":{"@type":"EntryPoint","urlTemplate":"https:\/\/www.docteurjobez.fr\/pharmacie\/?s={search_term_string}"},"query-input":{"@type":"PropertyValueSpecification","valueRequired":true,"valueName":"search_term_string"}}],"inLanguage":"fr-FR"}]}},"_links":{"self":[{"href":"https:\/\/www.docteurjobez.fr\/pharmacie\/wp-json\/wp\/v2\/product\/4631","targetHints":{"allow":["GET"]}}],"collection":[{"href":"https:\/\/www.docteurjobez.fr\/pharmacie\/wp-json\/wp\/v2\/product"}],"about":[{"href":"https:\/\/www.docteurjobez.fr\/pharmacie\/wp-json\/wp\/v2\/types\/product"}],"replies":[{"embeddable":true,"href":"https:\/\/www.docteurjobez.fr\/pharmacie\/wp-json\/wp\/v2\/comments?post=4631"}],"wp:featuredmedia":[{"embeddable":true,"href":"https:\/\/www.docteurjobez.fr\/pharmacie\/wp-json\/wp\/v2\/media\/4082"}],"wp:attachment":[{"href":"https:\/\/www.docteurjobez.fr\/pharmacie\/wp-json\/wp\/v2\/media?parent=4631"}],"wp:term":[{"taxonomy":"product_brand","embeddable":true,"href":"https:\/\/www.docteurjobez.fr\/pharmacie\/wp-json\/wp\/v2\/product_brand?post=4631"},{"taxonomy":"product_cat","embeddable":true,"href":"https:\/\/www.docteurjobez.fr\/pharmacie\/wp-json\/wp\/v2\/product_cat?post=4631"},{"taxonomy":"product_tag","embeddable":true,"href":"https:\/\/www.docteurjobez.fr\/pharmacie\/wp-json\/wp\/v2\/product_tag?post=4631"}],"curies":[{"name":"wp","href":"https:\/\/api.w.org\/{rel}","templated":true}]}}