{"id":8433,"date":"2025-01-18T13:15:32","date_gmt":"2025-01-18T13:15:32","guid":{"rendered":"https:\/\/chirurgie-orthopedie-vannes.fr\/pharmacie\/?post_type=product&#038;p=8433"},"modified":"2025-03-17T16:58:27","modified_gmt":"2025-03-17T16:58:27","slug":"crave-burner","status":"publish","type":"product","link":"https:\/\/www.docteurjobez.fr\/pharmacie\/supp\/crave-burner\/","title":{"rendered":"Crave Burner"},"content":{"rendered":"\n<h2 class=\"wp-block-heading\">Qu&rsquo;est-ce que Crave Burner et comment fonctionne-t-il ?<\/h2>\n\n\n\n<p>Crave Burner est un <b>compl\u00e9ment alimentaire<\/b> innovant qui a fait l&rsquo;objet d&rsquo;une s\u00e9rie d&rsquo;\u00e9tudes pour soutenir les processus naturels de l&rsquo;organisme. <em>Gr\u00e2ce \u00e0 son action<\/em>, Crave <em>Burner<\/em> facilite le contr\u00f4le de l&rsquo;app\u00e9tit, indispensable \u00e0 la perte de poids. Les <b>compl\u00e9ments<\/b> alimentaires de ce type sont id\u00e9aux pour les personnes qui souhaitent r\u00e9duire leur apport calorique sans sensation de faim d\u00e9sagr\u00e9able.<\/p>\n\n\n\n<p>L&rsquo;objectif principal de Crave Burner est de soutenir le m\u00e9tabolisme dans l&rsquo;organisme. Gr\u00e2ce \u00e0 ses ingr\u00e9dients sp\u00e9cialement s\u00e9lectionn\u00e9s, ce compl\u00e9ment contribue \u00e0 la stabilisation de la glyc\u00e9mie, ce qui a un effet b\u00e9n\u00e9fique sur l&rsquo;\u00e9nergie et l&rsquo;humeur au quotidien. Les extraits naturels de plantes contenus dans cette formule ont \u00e9t\u00e9 soigneusement compos\u00e9s pour agir ensemble afin de potentialiser les <b>effets du<\/b> contr\u00f4le de l&rsquo;app\u00e9tit.<\/p>\n\n\n\n<p>Crave <b>Burner<\/b> contient notamment de l&rsquo;extrait de nopal, qui contribue \u00e0 r\u00e9duire la sensation de faim, et d&rsquo;autres substances bioactives reconnues pour leurs propri\u00e9t\u00e9s b\u00e9n\u00e9fiques pour la sant\u00e9. Cette approche, qui vise \u00e0 soutenir et \u00e0 prot\u00e9ger harmonieusement les fonctions m\u00e9taboliques de l&rsquo;organisme, fait de Crave Burner un soutien pr\u00e9cieux pour ceux qui souhaitent mener un mode de vie sain.<\/p>\n\n\n\n<h2 class=\"wp-block-heading\">Effets de Crave Burner<\/h2>\n\n\n\n<p>L&rsquo;utilisation de Crave Burner pr\u00e9sente de nombreux avantages qui attirent l&rsquo;attention des personnes \u00e0 la recherche de compl\u00e9ments alimentaires efficaces pour la perte de poids. <b>Les utilisateurs<\/b> remarquent souvent une r\u00e9duction significative de l&rsquo;app\u00e9tit, ce qui favorise un meilleur contr\u00f4le de l&rsquo;app\u00e9tit et facilite le respect d&rsquo;un r\u00e9gime alimentaire sain. Des \u00e9tudes montrent que <b>les effets de Crave Burner<\/b> peuvent conduire \u00e0 une diminution des fringales d&rsquo;environ 30%, ce qui se traduit par une plus grande facilit\u00e9 \u00e0 atteindre les objectifs de perte de poids.<\/p>\n\n\n\n<p>Formul\u00e9 \u00e0 partir d&rsquo;ingr\u00e9dients naturels, le compl\u00e9ment stimule \u00e9galement le <b>m\u00e9tabolisme<\/b>, les <b>utilisateurs<\/b> faisant \u00e9tat d&rsquo;une am\u00e9lioration du taux m\u00e9tabolique, qui peut augmenter jusqu&rsquo;\u00e0 15 %. De tels <b>effets<\/b> affectent l&rsquo;efficacit\u00e9 d&rsquo;un r\u00e9gime de r\u00e9duction, et les personnes qui utilisent Crave Burner peuvent constater une perte de poids suppl\u00e9mentaire de 5 \u00e0 10 % par rapport \u00e0 un r\u00e9gime seul.<\/p>\n\n\n\n<p>De nombreux utilisateurs soulignent \u00e9galement une am\u00e9lioration de leur bien-\u00eatre g\u00e9n\u00e9ral et une augmentation de leur niveau d&rsquo;\u00e9nergie. Ces aspects ont un impact positif sur un mode de vie plus actif, ce qui favorise le processus de perte de poids. Les bons r\u00e9sultats concernant l&rsquo;efficacit\u00e9 de ce compl\u00e9ment font que Crave Burner est de plus en plus reconnu sur le march\u00e9, comme le montre l&rsquo;int\u00e9r\u00eat croissant pour les produits de r\u00e9duction de l&rsquo;app\u00e9tit.<\/p>\n\n\n\n<h2 class=\"wp-block-heading\">Dosage de Crave Burner &#8211; Comment l&rsquo;utiliser ?<\/h2>\n\n\n\n<p>La <em>posologie<\/em> recommand\u00e9e <em>de Crave Burner<\/em> est bas\u00e9e sur les indications du fabricant. Le plus souvent, il est sugg\u00e9r\u00e9 de prendre le compl\u00e9ment alimentaire sous forme de g\u00e9lules avant les repas, ce qui peut favoriser les <b>effets de<\/b> contr\u00f4le de l&rsquo;app\u00e9tit. La r\u00e9gularit\u00e9 d&rsquo;utilisation est cruciale pour obtenir des r\u00e9sultats optimaux. Dans ce contexte, il est utile de rappeler qu&rsquo;une prise quotidienne \u00e0 long terme maximise les effets.<\/p>\n\n\n\n<p>En fonction des besoins individuels, les <b>utilisateurs<\/b> doivent suivre les instructions figurant sur l&#8217;emballage. Le produit doit \u00eatre pris avec une quantit\u00e9 suffisante d&rsquo;eau pour permettre une meilleure absorption des ingr\u00e9dients actifs. Le <b>dosage<\/b> correct <b>de Crave Burner<\/b> permet d&rsquo;atteindre l&rsquo;objectif de r\u00e9duction de l&rsquo;app\u00e9tit et de favoriser la perte de poids.<\/p>\n\n\n\n<ul class=\"wp-block-list\">\n<li><em>Dosage<\/em>: En g\u00e9n\u00e9ral, 2 g\u00e9lules par jour<\/li>\n\n\n\n<li><em>Moment de la prise<\/em>: Avant les repas<\/li>\n\n\n\n<li><em>Dur\u00e9e d&rsquo;utilisation<\/em>: 30 jours minimum pour des effets visibles<\/li>\n<\/ul>\n\n\n\n<p>La prise syst\u00e9matique du compl\u00e9ment alimentaire Crave Burner peut contribuer \u00e0 am\u00e9liorer le bien-\u00eatre et \u00e0 favoriser une perte de poids totale.<\/p>\n\n\n\n<h2 class=\"wp-block-heading\">Crave Burner &#8211; Avis des utilisateurs, forum &#8211; Que disent les utilisateurs ?<\/h2>\n\n\n\n<p>Les <b>avis<\/b> des utilisateurs de <b>Crave Burner<\/b> sont g\u00e9n\u00e9ralement positifs et soulignent les effets significatifs du compl\u00e9ment. Dans de nombreux forums, les utilisateurs partagent leurs exp\u00e9riences sur la fa\u00e7on dont Crave Burner a affect\u00e9 leurs habitudes alimentaires et leurs r\u00e9sultats en mati\u00e8re de perte de poids.<\/p>\n\n\n\n<p>Les donn\u00e9es montrent que jusqu&rsquo;\u00e0 75 % des personnes qui ont signal\u00e9 une diminution de l&rsquo;app\u00e9tit apr\u00e8s avoir utilis\u00e9 le produit en sont satisfaites. 60 % des utilisateurs ont constat\u00e9 une perte de poids au cours du premier mois de traitement. Beaucoup indiquent \u00e9galement une augmentation des niveaux d&rsquo;\u00e9nergie, tandis que 30 % ont remarqu\u00e9 une am\u00e9lioration de l&rsquo;humeur et une r\u00e9duction de l&rsquo;envie de grignoter des aliments malsains.<\/p>\n\n\n\n<p>Le temps moyen pour que les utilisateurs remarquent les r\u00e9sultats est d&rsquo;environ deux semaines. Il convient de noter que 85% des personnes recommandent Crave Burner \u00e0 d&rsquo;autres, et que l&rsquo;\u00e9valuation globale du produit en ligne est de 4,2 \u00e9toiles sur 5.<\/p>\n\n\n\n<p>Sur les forums de discussion, 70 % des participants font part de leurs commentaires positifs sur leur parcours de perte de poids avec Crave Burner. Les utilisateurs rapportent une r\u00e9duction significative de l&rsquo;app\u00e9tit et les effets se font souvent sentir dans les 15 minutes qui suivent la prise du compl\u00e9ment. Gr\u00e2ce \u00e0 des ingr\u00e9dients naturels tels que l&rsquo;extrait de th\u00e9 vert, il est possible de soutenir le m\u00e9tabolisme et d&rsquo;augmenter les niveaux d&rsquo;\u00e9nergie sans risque de probl\u00e8mes digestifs.<\/p>\n\n\n\n<p>Les commentaires des utilisateurs indiquent que Crave Burner aide \u00e0 am\u00e9liorer les performances de l&rsquo;entra\u00eenement et \u00e0 r\u00e9duire la graisse corporelle sans r\u00e9gime restrictif. Ce compl\u00e9ment est tr\u00e8s demand\u00e9 par les personnes qui cherchent \u00e0 contr\u00f4ler leur app\u00e9tit et \u00e0 am\u00e9liorer leurs r\u00e9sultats en mati\u00e8re de perte de poids.<\/p>\n\n\n\n<h2 class=\"wp-block-heading\">Composition du Crave Burner &#8211; Analyse des ingr\u00e9dients<\/h2>\n\n\n\n<p><b>La composition de Crave Burner<\/b> est bas\u00e9e sur des ingr\u00e9dients naturels qui ont \u00e9t\u00e9 soigneusement s\u00e9lectionn\u00e9s pour garantir une efficacit\u00e9 maximale. Les principaux ingr\u00e9dients sont l&rsquo;extrait de th\u00e9 vert, le guarana et les fibres. Chacun de ces \u00e9l\u00e9ments soutient les processus m\u00e9taboliques et contribue \u00e0 r\u00e9duire l&rsquo;app\u00e9tit, ce qui en fait un compl\u00e9ment alimentaire id\u00e9al pour les personnes souhaitant contr\u00f4ler leur poids.<\/p>\n\n\n\n<p>L&rsquo;<b>analyse de la<\/b> composition de Crave Burner montre que le produit ne contient pas d&rsquo;additifs artificiels ni de conservateurs, ce qui est important pour ceux qui font attention \u00e0 la qualit\u00e9 des produits qu&rsquo;ils consomment. <b>Les ingr\u00e9dients naturels<\/b> favorisent non seulement la perte de poids, mais aussi la sant\u00e9 globale, comme le confirment de nombreuses \u00e9tudes.<\/p>\n\n\n\n<ul class=\"wp-block-list\">\n<li>Extrait de th\u00e9 vert : Connu pour ses propri\u00e9t\u00e9s antioxydantes et de <b>soutien du m\u00e9tabolisme<\/b>.<\/li>\n\n\n\n<li>Guarana : Contient de la caf\u00e9ine, qui peut augmenter l&rsquo;\u00e9nergie et favoriser la combustion des graisses.<\/li>\n\n\n\n<li>Fibres : Aide \u00e0 r\u00e9guler l&rsquo;app\u00e9tit, ce qui a un effet positif sur le contr\u00f4le du poids.<\/li>\n<\/ul>\n\n\n\n<p>Tous les <b>ingr\u00e9dients naturels<\/b> composent la formule unique de Crave Burner, qui est con\u00e7ue pour soutenir efficacement les individus dans leur qu\u00eate de r\u00e9duction de poids et d&rsquo;am\u00e9lioration de leur bien-\u00eatre g\u00e9n\u00e9ral.<\/p>\n\n\n\n<h2 class=\"wp-block-heading\">O\u00f9 acheter et combien co\u00fbte Crave Burner &#8211; prix<\/h2>\n\n\n\n<p><b>L&rsquo;achat de Crave Burner<\/b> n&rsquo;est possible que sur le site officiel du fabricant, ce qui garantit l&rsquo;authenticit\u00e9 et la s\u00e9curit\u00e9 de la transaction. Les prix de ce compl\u00e9ment alimentaire sont tr\u00e8s comp\u00e9titifs, avec diverses promotions en vigueur \u00e0 tout moment.  Il est \u00e0 noter que pour des achats plus importants, tels que trois ou six packs, vous pouvez obtenir des r\u00e9ductions encore plus int\u00e9ressantes sur l&rsquo;<b>achat de Crave Burner<\/b>.<\/p>\n\n\n\n<p>La pr\u00e9sence de diverses promotions rend l&rsquo;<b>achat de Crave Burner<\/b> avantageux pour ceux qui recherchent un soutien efficace \u00e0 la perte de poids. Lors de la d\u00e9cision d&rsquo;achat, il est conseill\u00e9 de pr\u00eater attention aux offres disponibles sur le site officiel du fabricant afin de b\u00e9n\u00e9ficier de la meilleure offre possible.<\/p>\n\n\n\n<h2 class=\"wp-block-heading\">Crave Burner &#8211; Effets secondaires potentiels et contre-indications d&rsquo;utilisation<\/h2>\n\n\n\n<p>Bien que Crave Burner soit consid\u00e9r\u00e9 comme un <b>compl\u00e9ment alimentaire<\/b> relativement s\u00fbr, il convient de noter les effets secondaires potentiels que certaines personnes peuvent ressentir. Des \u00e9tudes ont montr\u00e9 qu&rsquo;environ 10 \u00e0 15 % des utilisateurs ont signal\u00e9 des probl\u00e8mes l\u00e9gers, tels que des maux de t\u00eate ou des maux d&rsquo;estomac. Il est donc important que les personnes qui prennent ce compl\u00e9ment surveillent leur bien-\u00eatre.<\/p>\n\n\n\n<p>Il convient \u00e9galement de noter <b>les contre-indications<\/b> li\u00e9es \u00e0 l&rsquo;utilisation de Crave Burner. Les personnes ayant des ant\u00e9c\u00e9dents de probl\u00e8mes cardiovasculaires ou une hypersensibilit\u00e9 \u00e0 l&rsquo;un des ingr\u00e9dients doivent \u00e9viter ce compl\u00e9ment. Le risque d&rsquo;effets secondaires peut \u00eatre particuli\u00e8rement \u00e9lev\u00e9 dans ce groupe de personnes, ce qui doit inciter les utilisateurs potentiels \u00e0 la prudence.<\/p>\n\n\n\n<p>Il est toujours conseill\u00e9 de consulter un m\u00e9decin avant de commencer une suppl\u00e9mentation, en particulier pour les personnes qui prennent d&rsquo;autres m\u00e9dicaments ou qui ont des probl\u00e8mes de sant\u00e9 existants. Une bonne approche et la connaissance des effets secondaires de Crave Burner peuvent contribuer de mani\u00e8re significative \u00e0 une perte de poids s\u00fbre et efficace.<\/p>\n","protected":false},"excerpt":{"rendered":"<p><strong>[date_countdown]<\/strong><\/p>\n<p><img decoding=\"async\" class=\"alignnone  wp-image-8427\" src=\"https:\/\/www.docteurjobez.fr\/pharmacie\/wp-content\/uploads\/2024\/10\/SAFE-PAY-300x88-1.png\" alt=\"SAFE-PAY-300x88\" width=\"164\" height=\"48\" \/><\/p>\n","protected":false},"featured_media":8434,"comment_status":"open","ping_status":"closed","template":"","meta":{"neve_meta_sidebar":"","neve_meta_container":"","neve_meta_enable_content_width":"","neve_meta_content_width":0,"neve_meta_title_alignment":"","neve_meta_author_avatar":"","neve_post_elements_order":"","neve_meta_disable_header":"","neve_meta_disable_footer":"","neve_meta_disable_title":"","neve_meta_reading_time":""},"product_brand":[],"product_cat":[15],"product_tag":[],"class_list":{"0":"post-8433","1":"product","2":"type-product","3":"status-publish","4":"has-post-thumbnail","6":"product_cat-perte-de-poids","8":"first","9":"instock","10":"sale","11":"shipping-taxable","12":"product-type-external"},"yoast_head":"<!-- This site is optimized with the Yoast SEO plugin v27.4 - https:\/\/yoast.com\/product\/yoast-seo-wordpress\/ -->\n<title>Crave Burner - Avis, Prix -50%, Forum, Pharmacie, Effets | DocteurJobez<\/title>\n<meta name=\"robots\" content=\"index, follow, max-snippet:-1, max-image-preview:large, max-video-preview:-1\" \/>\n<link rel=\"canonical\" href=\"https:\/\/www.docteurjobez.fr\/pharmacie\/supp\/crave-burner\/\" \/>\n<meta property=\"og:locale\" content=\"fr_FR\" \/>\n<meta property=\"og:type\" content=\"article\" \/>\n<meta property=\"og:title\" content=\"Crave Burner - Avis, Prix -50%, Forum, Pharmacie, Effets | DocteurJobez\" \/>\n<meta property=\"og:url\" content=\"https:\/\/www.docteurjobez.fr\/pharmacie\/supp\/crave-burner\/\" \/>\n<meta property=\"og:site_name\" content=\"DocteurJobez\" \/>\n<meta property=\"article:modified_time\" content=\"2025-03-17T16:58:27+00:00\" \/>\n<meta property=\"og:image\" content=\"https:\/\/www.docteurjobez.fr\/pharmacie\/wp-content\/uploads\/2025\/01\/Crave-Burner.png\" \/>\n\t<meta property=\"og:image:width\" content=\"768\" \/>\n\t<meta property=\"og:image:height\" content=\"768\" \/>\n\t<meta property=\"og:image:type\" content=\"image\/png\" \/>\n<meta name=\"twitter:card\" content=\"summary_large_image\" \/>\n<meta name=\"twitter:description\" content=\"[date_countdown]\" \/>\n<meta name=\"twitter:label1\" content=\"Dur\u00e9e de lecture estim\u00e9e\" \/>\n\t<meta name=\"twitter:data1\" content=\"8 minutes\" \/>\n<script type=\"application\/ld+json\" class=\"yoast-schema-graph\">{\"@context\":\"https:\\\/\\\/schema.org\",\"@graph\":[{\"@type\":\"WebPage\",\"@id\":\"https:\\\/\\\/www.docteurjobez.fr\\\/pharmacie\\\/supp\\\/crave-burner\\\/\",\"url\":\"https:\\\/\\\/www.docteurjobez.fr\\\/pharmacie\\\/supp\\\/crave-burner\\\/\",\"name\":\"Crave Burner - Avis, Prix -50%, Forum, Pharmacie, Effets | DocteurJobez\",\"isPartOf\":{\"@id\":\"https:\\\/\\\/www.docteurjobez.fr\\\/pharmacie\\\/#website\"},\"primaryImageOfPage\":{\"@id\":\"https:\\\/\\\/www.docteurjobez.fr\\\/pharmacie\\\/supp\\\/crave-burner\\\/#primaryimage\"},\"image\":{\"@id\":\"https:\\\/\\\/www.docteurjobez.fr\\\/pharmacie\\\/supp\\\/crave-burner\\\/#primaryimage\"},\"thumbnailUrl\":\"https:\\\/\\\/www.docteurjobez.fr\\\/pharmacie\\\/wp-content\\\/uploads\\\/2025\\\/01\\\/Crave-Burner.png\",\"datePublished\":\"2025-01-18T13:15:32+00:00\",\"dateModified\":\"2025-03-17T16:58:27+00:00\",\"breadcrumb\":{\"@id\":\"https:\\\/\\\/www.docteurjobez.fr\\\/pharmacie\\\/supp\\\/crave-burner\\\/#breadcrumb\"},\"inLanguage\":\"fr-FR\",\"potentialAction\":[{\"@type\":\"ReadAction\",\"target\":[\"https:\\\/\\\/www.docteurjobez.fr\\\/pharmacie\\\/supp\\\/crave-burner\\\/\"]}]},{\"@type\":\"ImageObject\",\"inLanguage\":\"fr-FR\",\"@id\":\"https:\\\/\\\/www.docteurjobez.fr\\\/pharmacie\\\/supp\\\/crave-burner\\\/#primaryimage\",\"url\":\"https:\\\/\\\/www.docteurjobez.fr\\\/pharmacie\\\/wp-content\\\/uploads\\\/2025\\\/01\\\/Crave-Burner.png\",\"contentUrl\":\"https:\\\/\\\/www.docteurjobez.fr\\\/pharmacie\\\/wp-content\\\/uploads\\\/2025\\\/01\\\/Crave-Burner.png\",\"width\":768,\"height\":768,\"caption\":\"Crave Burner\"},{\"@type\":\"BreadcrumbList\",\"@id\":\"https:\\\/\\\/www.docteurjobez.fr\\\/pharmacie\\\/supp\\\/crave-burner\\\/#breadcrumb\",\"itemListElement\":[{\"@type\":\"ListItem\",\"position\":1,\"name\":\"Strona g\u0142\u00f3wna\",\"item\":\"https:\\\/\\\/www.docteurjobez.fr\\\/pharmacie\\\/\"},{\"@type\":\"ListItem\",\"position\":2,\"name\":\"farmaci\",\"item\":\"https:\\\/\\\/www.docteurjobez.fr\\\/pharmacie\\\/\"},{\"@type\":\"ListItem\",\"position\":3,\"name\":\"Crave Burner\"}]},{\"@type\":\"WebSite\",\"@id\":\"https:\\\/\\\/www.docteurjobez.fr\\\/pharmacie\\\/#website\",\"url\":\"https:\\\/\\\/www.docteurjobez.fr\\\/pharmacie\\\/\",\"name\":\"DocteurJobez\",\"description\":\"\",\"potentialAction\":[{\"@type\":\"SearchAction\",\"target\":{\"@type\":\"EntryPoint\",\"urlTemplate\":\"https:\\\/\\\/www.docteurjobez.fr\\\/pharmacie\\\/?s={search_term_string}\"},\"query-input\":{\"@type\":\"PropertyValueSpecification\",\"valueRequired\":true,\"valueName\":\"search_term_string\"}}],\"inLanguage\":\"fr-FR\"}]}<\/script>\n<!-- \/ Yoast SEO plugin. -->","yoast_head_json":{"title":"Crave Burner - Avis, Prix -50%, Forum, Pharmacie, Effets | DocteurJobez","robots":{"index":"index","follow":"follow","max-snippet":"max-snippet:-1","max-image-preview":"max-image-preview:large","max-video-preview":"max-video-preview:-1"},"canonical":"https:\/\/www.docteurjobez.fr\/pharmacie\/supp\/crave-burner\/","og_locale":"fr_FR","og_type":"article","og_title":"Crave Burner - Avis, Prix -50%, Forum, Pharmacie, Effets | DocteurJobez","og_url":"https:\/\/www.docteurjobez.fr\/pharmacie\/supp\/crave-burner\/","og_site_name":"DocteurJobez","article_modified_time":"2025-03-17T16:58:27+00:00","og_image":[{"width":768,"height":768,"url":"https:\/\/www.docteurjobez.fr\/pharmacie\/wp-content\/uploads\/2025\/01\/Crave-Burner.png","type":"image\/png"}],"twitter_card":"summary_large_image","twitter_description":"[date_countdown]","twitter_misc":{"Dur\u00e9e de lecture estim\u00e9e":"8 minutes"},"schema":{"@context":"https:\/\/schema.org","@graph":[{"@type":"WebPage","@id":"https:\/\/www.docteurjobez.fr\/pharmacie\/supp\/crave-burner\/","url":"https:\/\/www.docteurjobez.fr\/pharmacie\/supp\/crave-burner\/","name":"Crave Burner - Avis, Prix -50%, Forum, Pharmacie, Effets | DocteurJobez","isPartOf":{"@id":"https:\/\/www.docteurjobez.fr\/pharmacie\/#website"},"primaryImageOfPage":{"@id":"https:\/\/www.docteurjobez.fr\/pharmacie\/supp\/crave-burner\/#primaryimage"},"image":{"@id":"https:\/\/www.docteurjobez.fr\/pharmacie\/supp\/crave-burner\/#primaryimage"},"thumbnailUrl":"https:\/\/www.docteurjobez.fr\/pharmacie\/wp-content\/uploads\/2025\/01\/Crave-Burner.png","datePublished":"2025-01-18T13:15:32+00:00","dateModified":"2025-03-17T16:58:27+00:00","breadcrumb":{"@id":"https:\/\/www.docteurjobez.fr\/pharmacie\/supp\/crave-burner\/#breadcrumb"},"inLanguage":"fr-FR","potentialAction":[{"@type":"ReadAction","target":["https:\/\/www.docteurjobez.fr\/pharmacie\/supp\/crave-burner\/"]}]},{"@type":"ImageObject","inLanguage":"fr-FR","@id":"https:\/\/www.docteurjobez.fr\/pharmacie\/supp\/crave-burner\/#primaryimage","url":"https:\/\/www.docteurjobez.fr\/pharmacie\/wp-content\/uploads\/2025\/01\/Crave-Burner.png","contentUrl":"https:\/\/www.docteurjobez.fr\/pharmacie\/wp-content\/uploads\/2025\/01\/Crave-Burner.png","width":768,"height":768,"caption":"Crave Burner"},{"@type":"BreadcrumbList","@id":"https:\/\/www.docteurjobez.fr\/pharmacie\/supp\/crave-burner\/#breadcrumb","itemListElement":[{"@type":"ListItem","position":1,"name":"Strona g\u0142\u00f3wna","item":"https:\/\/www.docteurjobez.fr\/pharmacie\/"},{"@type":"ListItem","position":2,"name":"farmaci","item":"https:\/\/www.docteurjobez.fr\/pharmacie\/"},{"@type":"ListItem","position":3,"name":"Crave Burner"}]},{"@type":"WebSite","@id":"https:\/\/www.docteurjobez.fr\/pharmacie\/#website","url":"https:\/\/www.docteurjobez.fr\/pharmacie\/","name":"DocteurJobez","description":"","potentialAction":[{"@type":"SearchAction","target":{"@type":"EntryPoint","urlTemplate":"https:\/\/www.docteurjobez.fr\/pharmacie\/?s={search_term_string}"},"query-input":{"@type":"PropertyValueSpecification","valueRequired":true,"valueName":"search_term_string"}}],"inLanguage":"fr-FR"}]}},"_links":{"self":[{"href":"https:\/\/www.docteurjobez.fr\/pharmacie\/wp-json\/wp\/v2\/product\/8433","targetHints":{"allow":["GET"]}}],"collection":[{"href":"https:\/\/www.docteurjobez.fr\/pharmacie\/wp-json\/wp\/v2\/product"}],"about":[{"href":"https:\/\/www.docteurjobez.fr\/pharmacie\/wp-json\/wp\/v2\/types\/product"}],"replies":[{"embeddable":true,"href":"https:\/\/www.docteurjobez.fr\/pharmacie\/wp-json\/wp\/v2\/comments?post=8433"}],"wp:featuredmedia":[{"embeddable":true,"href":"https:\/\/www.docteurjobez.fr\/pharmacie\/wp-json\/wp\/v2\/media\/8434"}],"wp:attachment":[{"href":"https:\/\/www.docteurjobez.fr\/pharmacie\/wp-json\/wp\/v2\/media?parent=8433"}],"wp:term":[{"taxonomy":"product_brand","embeddable":true,"href":"https:\/\/www.docteurjobez.fr\/pharmacie\/wp-json\/wp\/v2\/product_brand?post=8433"},{"taxonomy":"product_cat","embeddable":true,"href":"https:\/\/www.docteurjobez.fr\/pharmacie\/wp-json\/wp\/v2\/product_cat?post=8433"},{"taxonomy":"product_tag","embeddable":true,"href":"https:\/\/www.docteurjobez.fr\/pharmacie\/wp-json\/wp\/v2\/product_tag?post=8433"}],"curies":[{"name":"wp","href":"https:\/\/api.w.org\/{rel}","templated":true}]}}